{"id":9978,"date":"2020-04-03T14:21:00","date_gmt":"2020-04-03T12:21:00","guid":{"rendered":"http:\/\/derm.dermacenter.ch\/produkt\/import-placeholder-for-4032\/"},"modified":"2021-01-12T13:58:56","modified_gmt":"2021-01-12T12:58:56","slug":"skinceuticals-resveratrol-be-30-ml","status":"publish","type":"product","link":"https:\/\/www.dermacenter.ch\/?product=skinceuticals-resveratrol-be-30-ml","title":{"rendered":"SkinCeuticals \u2013 Resveratrol BE 30 ml"},"content":{"rendered":"<p>Mit zunehmendem Alter und durch wiederholte sch\u00e4dliche Umwelteinfl\u00fcsse k\u00f6nnen oxidative Sch\u00e4den auftreten, welche die n\u00e4chtliche Regenerationsf\u00e4higkeit der Haut negativ beeinflussen. Elastizit\u00e4tsverlust, Abnahme der Hautdichte und fahler Teint k\u00f6nnen die Folge sein. Dieses antioxidative Nachtkonzentrat &#8211; eine synergistische Verbindung von 1 % reinem, stabilem Resveratrol, 0,5 % Baicalin und 1 % Alpha-Tocopherol (Vitamin E) &#8211; unterst\u00fctzt das hauteigene antioxidative Abwehrsystem und die n\u00e4chtliche Regeneration, um die Ausstrahlung, Elastizit\u00e4t und Dichte der Haut zu verbessern. Bek\u00e4mpft durch k\u00f6rpereigene Prozesse entstandene freie Radikale Unterst\u00fctzt die Regenerationsf\u00e4higkeit der Haut, um bestehende Zeichen von Hautalterung zu korrigieren Stabilisiert die Abwehrkraft der Haut, um neue Sch\u00e4den zu vermeiden<\/p>\n","protected":false},"excerpt":{"rendered":"<p>Antioxidatives Nachtkonzentrat, um kumulierte Sch\u00e4den zu korrigieren und neuen vorzubeugen<\/p>\n","protected":false},"featured_media":9426,"comment_status":"open","ping_status":"closed","template":"","meta":[],"yoast_head":"<!-- This site is optimized with the Yoast SEO plugin v15.5 - https:\/\/yoast.com\/wordpress\/plugins\/seo\/ -->\n<title>SkinCeuticals \u2013 Resveratrol BE 30 ml - Dermacenter AG<\/title>\n<meta name=\"robots\" content=\"index, follow, max-snippet:-1, max-image-preview:large, max-video-preview:-1\" \/>\n<link rel=\"canonical\" href=\"https:\/\/www.dermacenter.ch\/?product=skinceuticals-resveratrol-be-30-ml\" \/>\n<meta property=\"og:locale\" content=\"de_DE\" \/>\n<meta property=\"og:type\" content=\"article\" \/>\n<meta property=\"og:title\" content=\"SkinCeuticals \u2013 Resveratrol BE 30 ml - Dermacenter AG\" \/>\n<meta property=\"og:description\" content=\"Antioxidatives Nachtkonzentrat, um kumulierte Sch\u00e4den zu korrigieren und neuen vorzubeugen\" \/>\n<meta property=\"og:url\" content=\"https:\/\/www.dermacenter.ch\/?product=skinceuticals-resveratrol-be-30-ml\" \/>\n<meta property=\"og:site_name\" content=\"Dermacenter AG\" \/>\n<meta property=\"article:modified_time\" content=\"2021-01-12T12:58:56+00:00\" \/>\n<meta property=\"og:image\" content=\"https:\/\/www.dermacenter.ch\/wp-content\/uploads\/2020\/04\/product_76.jpg\" \/>\n\t<meta property=\"og:image:width\" content=\"500\" \/>\n\t<meta property=\"og:image:height\" content=\"500\" \/>\n<meta name=\"twitter:card\" content=\"summary_large_image\" \/>\n<meta name=\"twitter:label1\" content=\"Gesch\u00e4tzte Lesezeit\">\n\t<meta name=\"twitter:data1\" content=\"0\u00a0Minuten\">\n<script type=\"application\/ld+json\" class=\"yoast-schema-graph\">{\"@context\":\"https:\/\/schema.org\",\"@graph\":[{\"@type\":\"WebSite\",\"@id\":\"https:\/\/www.dermacenter.ch\/#website\",\"url\":\"https:\/\/www.dermacenter.ch\/\",\"name\":\"Dermacenter AG\",\"description\":\"\",\"potentialAction\":[{\"@type\":\"SearchAction\",\"target\":\"https:\/\/www.dermacenter.ch\/?s={search_term_string}\",\"query-input\":\"required name=search_term_string\"}],\"inLanguage\":\"de\"},{\"@type\":\"ImageObject\",\"@id\":\"https:\/\/www.dermacenter.ch\/?product=skinceuticals-resveratrol-be-30-ml#primaryimage\",\"inLanguage\":\"de\",\"url\":\"https:\/\/www.dermacenter.ch\/wp-content\/uploads\/2020\/04\/product_76.jpg\",\"width\":500,\"height\":500},{\"@type\":\"WebPage\",\"@id\":\"https:\/\/www.dermacenter.ch\/?product=skinceuticals-resveratrol-be-30-ml#webpage\",\"url\":\"https:\/\/www.dermacenter.ch\/?product=skinceuticals-resveratrol-be-30-ml\",\"name\":\"SkinCeuticals \\u2013 Resveratrol BE 30 ml - Dermacenter AG\",\"isPartOf\":{\"@id\":\"https:\/\/www.dermacenter.ch\/#website\"},\"primaryImageOfPage\":{\"@id\":\"https:\/\/www.dermacenter.ch\/?product=skinceuticals-resveratrol-be-30-ml#primaryimage\"},\"datePublished\":\"2020-04-03T12:21:00+00:00\",\"dateModified\":\"2021-01-12T12:58:56+00:00\",\"inLanguage\":\"de\",\"potentialAction\":[{\"@type\":\"ReadAction\",\"target\":[\"https:\/\/www.dermacenter.ch\/?product=skinceuticals-resveratrol-be-30-ml\"]}]}]}<\/script>\n<!-- \/ Yoast SEO plugin. -->","_links":{"self":[{"href":"https:\/\/www.dermacenter.ch\/index.php?rest_route=\/wp\/v2\/product\/9978"}],"collection":[{"href":"https:\/\/www.dermacenter.ch\/index.php?rest_route=\/wp\/v2\/product"}],"about":[{"href":"https:\/\/www.dermacenter.ch\/index.php?rest_route=\/wp\/v2\/types\/product"}],"replies":[{"embeddable":true,"href":"https:\/\/www.dermacenter.ch\/index.php?rest_route=%2Fwp%2Fv2%2Fcomments&post=9978"}],"wp:featuredmedia":[{"embeddable":true,"href":"https:\/\/www.dermacenter.ch\/index.php?rest_route=\/wp\/v2\/media\/9426"}],"wp:attachment":[{"href":"https:\/\/www.dermacenter.ch\/index.php?rest_route=%2Fwp%2Fv2%2Fmedia&parent=9978"}],"curies":[{"name":"wp","href":"https:\/\/api.w.org\/{rel}","templated":true}]}}