{"id":9975,"date":"2020-04-03T14:20:59","date_gmt":"2020-04-03T12:20:59","guid":{"rendered":"http:\/\/derm.dermacenter.ch\/produkt\/import-placeholder-for-5664\/"},"modified":"2023-02-28T10:20:22","modified_gmt":"2023-02-28T09:20:22","slug":"skinceuticals-phyto-corrective-masque-60-ml","status":"publish","type":"product","link":"https:\/\/www.dermacenter.ch\/?product=skinceuticals-phyto-corrective-masque-60-ml","title":{"rendered":"SkinCeuticals \u2013 Phyto corrective Masque 60 ml"},"content":{"rendered":"<p>\u2022 Sorgt f\u00fcr ein angenehm k\u00fchlendes und beruhigendes Gef\u00fchl, um Hitzeempfindungen zu lindern \u2022 Versorgt die Haut langanhaltend mit Feuchtigkeit \u2022 Schenkt einen strahlenden Teint und geschmeidige Haut \u2022 Als Pflege nach medizinischen Behandlungen getestet; \u00a0 sichtbare R\u00f6tungen und ein unangenehmes Hautgef\u00fchl werden sp\u00fcrbar reduziert \u2022 K\u00fchlende Pflege in einer \u00f6lfreien und leichten Geltextur<\/p>\n","protected":false},"excerpt":{"rendered":"<p>\u2022 Sorgt f\u00fcr ein angenehm k\u00fchlendes und beruhigendes Gef\u00fchl, um Hitzeempfindungen zu lindern \u2022 Versorgt die Haut langanhaltend mit Feuchtigkeit \u2022 Schenkt einen strahlenden Teint und geschmeidige Haut \u2022 Als Pflege nach medizinischen Behandlungen getestet; \u00a0 sichtbare R\u00f6tungen und ein unangenehmes Hautgef\u00fchl werden sp\u00fcrbar reduziert \u2022 K\u00fchlende Pflege in einer \u00f6lfreien und leichten Geltextur<\/p>\n","protected":false},"featured_media":9423,"comment_status":"open","ping_status":"closed","template":"","meta":[],"yoast_head":"<!-- This site is optimized with the Yoast SEO plugin v15.5 - https:\/\/yoast.com\/wordpress\/plugins\/seo\/ -->\n<title>SkinCeuticals \u2013 Phyto corrective Masque 60 ml - Dermacenter AG<\/title>\n<meta name=\"robots\" content=\"index, follow, max-snippet:-1, max-image-preview:large, max-video-preview:-1\" \/>\n<link rel=\"canonical\" href=\"https:\/\/www.dermacenter.ch\/?product=skinceuticals-phyto-corrective-masque-60-ml\" \/>\n<meta property=\"og:locale\" content=\"de_DE\" \/>\n<meta property=\"og:type\" content=\"article\" \/>\n<meta property=\"og:title\" content=\"SkinCeuticals \u2013 Phyto corrective Masque 60 ml - Dermacenter AG\" \/>\n<meta property=\"og:description\" content=\"\u2022 Sorgt f\u00fcr ein angenehm k\u00fchlendes und beruhigendes Gef\u00fchl, um Hitzeempfindungen zu lindern \u2022 Versorgt die Haut langanhaltend mit Feuchtigkeit \u2022 Schenkt einen strahlenden Teint und geschmeidige Haut \u2022 Als Pflege nach medizinischen Behandlungen getestet; \u00a0 sichtbare R\u00f6tungen und ein unangenehmes Hautgef\u00fchl werden sp\u00fcrbar reduziert \u2022 K\u00fchlende Pflege in einer \u00f6lfreien und leichten Geltextur\" \/>\n<meta property=\"og:url\" content=\"https:\/\/www.dermacenter.ch\/?product=skinceuticals-phyto-corrective-masque-60-ml\" \/>\n<meta property=\"og:site_name\" content=\"Dermacenter AG\" \/>\n<meta property=\"article:modified_time\" content=\"2023-02-28T09:20:22+00:00\" \/>\n<meta property=\"og:image\" content=\"https:\/\/www.dermacenter.ch\/wp-content\/uploads\/2020\/04\/SkinCeuticals-Phyto-Corrective-Masque.jpg\" \/>\n\t<meta property=\"og:image:width\" content=\"500\" \/>\n\t<meta property=\"og:image:height\" content=\"500\" \/>\n<meta name=\"twitter:card\" content=\"summary_large_image\" \/>\n<meta name=\"twitter:label1\" content=\"Gesch\u00e4tzte Lesezeit\">\n\t<meta name=\"twitter:data1\" content=\"0\u00a0Minuten\">\n<script type=\"application\/ld+json\" class=\"yoast-schema-graph\">{\"@context\":\"https:\/\/schema.org\",\"@graph\":[{\"@type\":\"WebSite\",\"@id\":\"https:\/\/www.dermacenter.ch\/#website\",\"url\":\"https:\/\/www.dermacenter.ch\/\",\"name\":\"Dermacenter AG\",\"description\":\"\",\"potentialAction\":[{\"@type\":\"SearchAction\",\"target\":\"https:\/\/www.dermacenter.ch\/?s={search_term_string}\",\"query-input\":\"required name=search_term_string\"}],\"inLanguage\":\"de\"},{\"@type\":\"ImageObject\",\"@id\":\"https:\/\/www.dermacenter.ch\/?product=skinceuticals-phyto-corrective-masque-60-ml#primaryimage\",\"inLanguage\":\"de\",\"url\":\"https:\/\/www.dermacenter.ch\/wp-content\/uploads\/2020\/04\/SkinCeuticals-Phyto-Corrective-Masque.jpg\",\"width\":500,\"height\":500},{\"@type\":\"WebPage\",\"@id\":\"https:\/\/www.dermacenter.ch\/?product=skinceuticals-phyto-corrective-masque-60-ml#webpage\",\"url\":\"https:\/\/www.dermacenter.ch\/?product=skinceuticals-phyto-corrective-masque-60-ml\",\"name\":\"SkinCeuticals \\u2013 Phyto corrective Masque 60 ml - Dermacenter AG\",\"isPartOf\":{\"@id\":\"https:\/\/www.dermacenter.ch\/#website\"},\"primaryImageOfPage\":{\"@id\":\"https:\/\/www.dermacenter.ch\/?product=skinceuticals-phyto-corrective-masque-60-ml#primaryimage\"},\"datePublished\":\"2020-04-03T12:20:59+00:00\",\"dateModified\":\"2023-02-28T09:20:22+00:00\",\"inLanguage\":\"de\",\"potentialAction\":[{\"@type\":\"ReadAction\",\"target\":[\"https:\/\/www.dermacenter.ch\/?product=skinceuticals-phyto-corrective-masque-60-ml\"]}]}]}<\/script>\n<!-- \/ Yoast SEO plugin. -->","_links":{"self":[{"href":"https:\/\/www.dermacenter.ch\/index.php?rest_route=\/wp\/v2\/product\/9975"}],"collection":[{"href":"https:\/\/www.dermacenter.ch\/index.php?rest_route=\/wp\/v2\/product"}],"about":[{"href":"https:\/\/www.dermacenter.ch\/index.php?rest_route=\/wp\/v2\/types\/product"}],"replies":[{"embeddable":true,"href":"https:\/\/www.dermacenter.ch\/index.php?rest_route=%2Fwp%2Fv2%2Fcomments&post=9975"}],"wp:featuredmedia":[{"embeddable":true,"href":"https:\/\/www.dermacenter.ch\/index.php?rest_route=\/wp\/v2\/media\/9423"}],"wp:attachment":[{"href":"https:\/\/www.dermacenter.ch\/index.php?rest_route=%2Fwp%2Fv2%2Fmedia&parent=9975"}],"curies":[{"name":"wp","href":"https:\/\/api.w.org\/{rel}","templated":true}]}}