{"id":14856,"date":"2025-04-28T13:59:14","date_gmt":"2025-04-28T11:59:14","guid":{"rendered":"https:\/\/www.dermacenter.ch\/?post_type=product&#038;p=14856"},"modified":"2025-08-25T13:57:01","modified_gmt":"2025-08-25T11:57:01","slug":"glo-skin-beauty-cream-stay-shadow-stick-shell","status":"publish","type":"product","link":"https:\/\/www.dermacenter.ch\/?product=glo-skin-beauty-cream-stay-shadow-stick-shell","title":{"rendered":"Glo Skin Beauty \u2013 Cream Stay Shadow Stick &#8211; shell"},"content":{"rendered":"<div class=\"elementToProof\"><i>Dieser langhaftende, cremige und hochpigmentierte Lidschattenstift ist Primer, Lidschatten und Liner in einem. Er h\u00e4lt bis zu 24 Stunden, ohne zu verschmieren oder sich abzusetzen. Die satten, kr\u00e4ftigen Farbt\u00f6ne sind optimal, um die Augen zu grundieren, zu schattieren und zu definieren.<\/i><\/div>\n<div class=\"elementToProof\"><i>\u00a0<\/i><\/div>\n<div class=\"elementToProof\"><i>Anwendung<\/i><\/div>\n<div class=\"elementToProof\"><i>Auf das bewegliche Lid auftragen, vom Wimpernkranz bis zur Lidfalte. Verwenden Sie den integrierten Spitzer f\u00fcr eine feinere Spitze, um so eine definiertere Augenpartie zu erhalten.<\/i><\/div>\n","protected":false},"excerpt":{"rendered":"<p>Dieser langhaftende, cremige und hochpigmentierte Lidschattenstift ist Primer, Lidschatten und Liner in einem. Er h\u00e4lt bis zu 24 Stunden, ohne zu verschmieren oder sich abzusetzen. Die satten, kr\u00e4ftigen Farbt\u00f6ne sind optimal, um die Augen zu grundieren, zu schattieren und zu definieren. \u00a0 Anwendung Auf das bewegliche Lid auftragen, vom Wimpernkranz bis zur Lidfalte. Verwenden Sie [&hellip;]\n","protected":false},"featured_media":14857,"comment_status":"open","ping_status":"closed","template":"","meta":[],"yoast_head":"<!-- This site is optimized with the Yoast SEO plugin v15.5 - https:\/\/yoast.com\/wordpress\/plugins\/seo\/ -->\n<title>Glo Skin Beauty \u2013 Cream Stay Shadow Stick - shell - Dermacenter AG<\/title>\n<meta name=\"robots\" content=\"index, follow, max-snippet:-1, max-image-preview:large, max-video-preview:-1\" \/>\n<link rel=\"canonical\" href=\"https:\/\/www.dermacenter.ch\/?product=glo-skin-beauty-cream-stay-shadow-stick-shell\" \/>\n<meta property=\"og:locale\" content=\"de_DE\" \/>\n<meta property=\"og:type\" content=\"article\" \/>\n<meta property=\"og:title\" content=\"Glo Skin Beauty \u2013 Cream Stay Shadow Stick - shell - Dermacenter AG\" \/>\n<meta property=\"og:description\" content=\"Dieser langhaftende, cremige und hochpigmentierte Lidschattenstift ist Primer, Lidschatten und Liner in einem. Er h\u00e4lt bis zu 24 Stunden, ohne zu verschmieren oder sich abzusetzen. Die satten, kr\u00e4ftigen Farbt\u00f6ne sind optimal, um die Augen zu grundieren, zu schattieren und zu definieren. \u00a0 Anwendung Auf das bewegliche Lid auftragen, vom Wimpernkranz bis zur Lidfalte. Verwenden Sie [&hellip;]\" \/>\n<meta property=\"og:url\" content=\"https:\/\/www.dermacenter.ch\/?product=glo-skin-beauty-cream-stay-shadow-stick-shell\" \/>\n<meta property=\"og:site_name\" content=\"Dermacenter AG\" \/>\n<meta property=\"article:modified_time\" content=\"2025-08-25T11:57:01+00:00\" \/>\n<meta property=\"og:image\" content=\"https:\/\/www.dermacenter.ch\/wp-content\/uploads\/2025\/04\/Cream-stay-shadow-stick-shell.jpg\" \/>\n\t<meta property=\"og:image:width\" content=\"500\" \/>\n\t<meta property=\"og:image:height\" content=\"500\" \/>\n<meta name=\"twitter:card\" content=\"summary_large_image\" \/>\n<meta name=\"twitter:label1\" content=\"Gesch\u00e4tzte Lesezeit\">\n\t<meta name=\"twitter:data1\" content=\"0\u00a0Minuten\">\n<script type=\"application\/ld+json\" class=\"yoast-schema-graph\">{\"@context\":\"https:\/\/schema.org\",\"@graph\":[{\"@type\":\"WebSite\",\"@id\":\"https:\/\/www.dermacenter.ch\/#website\",\"url\":\"https:\/\/www.dermacenter.ch\/\",\"name\":\"Dermacenter AG\",\"description\":\"\",\"potentialAction\":[{\"@type\":\"SearchAction\",\"target\":\"https:\/\/www.dermacenter.ch\/?s={search_term_string}\",\"query-input\":\"required name=search_term_string\"}],\"inLanguage\":\"de\"},{\"@type\":\"ImageObject\",\"@id\":\"https:\/\/www.dermacenter.ch\/?product=glo-skin-beauty-cream-stay-shadow-stick-shell#primaryimage\",\"inLanguage\":\"de\",\"url\":\"https:\/\/www.dermacenter.ch\/wp-content\/uploads\/2025\/04\/Cream-stay-shadow-stick-shell.jpg\",\"width\":500,\"height\":500},{\"@type\":\"WebPage\",\"@id\":\"https:\/\/www.dermacenter.ch\/?product=glo-skin-beauty-cream-stay-shadow-stick-shell#webpage\",\"url\":\"https:\/\/www.dermacenter.ch\/?product=glo-skin-beauty-cream-stay-shadow-stick-shell\",\"name\":\"Glo Skin Beauty \\u2013 Cream Stay Shadow Stick - shell - Dermacenter AG\",\"isPartOf\":{\"@id\":\"https:\/\/www.dermacenter.ch\/#website\"},\"primaryImageOfPage\":{\"@id\":\"https:\/\/www.dermacenter.ch\/?product=glo-skin-beauty-cream-stay-shadow-stick-shell#primaryimage\"},\"datePublished\":\"2025-04-28T11:59:14+00:00\",\"dateModified\":\"2025-08-25T11:57:01+00:00\",\"inLanguage\":\"de\",\"potentialAction\":[{\"@type\":\"ReadAction\",\"target\":[\"https:\/\/www.dermacenter.ch\/?product=glo-skin-beauty-cream-stay-shadow-stick-shell\"]}]}]}<\/script>\n<!-- \/ Yoast SEO plugin. -->","_links":{"self":[{"href":"https:\/\/www.dermacenter.ch\/index.php?rest_route=\/wp\/v2\/product\/14856"}],"collection":[{"href":"https:\/\/www.dermacenter.ch\/index.php?rest_route=\/wp\/v2\/product"}],"about":[{"href":"https:\/\/www.dermacenter.ch\/index.php?rest_route=\/wp\/v2\/types\/product"}],"replies":[{"embeddable":true,"href":"https:\/\/www.dermacenter.ch\/index.php?rest_route=%2Fwp%2Fv2%2Fcomments&post=14856"}],"wp:featuredmedia":[{"embeddable":true,"href":"https:\/\/www.dermacenter.ch\/index.php?rest_route=\/wp\/v2\/media\/14857"}],"wp:attachment":[{"href":"https:\/\/www.dermacenter.ch\/index.php?rest_route=%2Fwp%2Fv2%2Fmedia&parent=14856"}],"curies":[{"name":"wp","href":"https:\/\/api.w.org\/{rel}","templated":true}]}}