{"id":13656,"date":"2023-07-10T11:26:00","date_gmt":"2023-07-10T09:26:00","guid":{"rendered":"https:\/\/www.dermacenter.ch\/?post_type=product&#038;p=13656"},"modified":"2024-06-19T16:13:07","modified_gmt":"2024-06-19T14:13:07","slug":"ultrasun-alpine-spf-50-kombi","status":"publish","type":"product","link":"https:\/\/www.dermacenter.ch\/?product=ultrasun-alpine-spf-50-kombi","title":{"rendered":"ULTRASUN Alpine SPF 50+ Kombi"},"content":{"rendered":"<p>Sehr schnell absorbierende, spezielle Kombination von lamellarem UVA- und UVB-Breitband-Schutz mit SPF50+, GSP f\u00fcr Infrarot-Schutz, Titandioxid zum Schutz vor blauem Licht und Ectoin. Der wasserfreie Stick sch\u00fctzt sensible Lippen und exponierte Hautpartien wie Nase und Wangen vor Sonne, Wind und K\u00e4lte. Ideal f\u00fcr die extremen Wetterbedingungen in den Bergen.<\/p>\n","protected":false},"excerpt":{"rendered":"<p><b>2 in 1 Sonnenschutz f\u00fcr Gesicht &amp; Lippen f\u00fcr die Berge<\/b><\/p>\n","protected":false},"featured_media":13657,"comment_status":"closed","ping_status":"closed","template":"","meta":[],"yoast_head":"<!-- This site is optimized with the Yoast SEO plugin v15.5 - https:\/\/yoast.com\/wordpress\/plugins\/seo\/ -->\n<title>ULTRASUN Alpine SPF 50+ Kombi - Dermacenter AG<\/title>\n<meta name=\"robots\" content=\"index, follow, max-snippet:-1, max-image-preview:large, max-video-preview:-1\" \/>\n<link rel=\"canonical\" href=\"https:\/\/www.dermacenter.ch\/?product=ultrasun-alpine-spf-50-kombi\" \/>\n<meta property=\"og:locale\" content=\"de_DE\" \/>\n<meta property=\"og:type\" content=\"article\" \/>\n<meta property=\"og:title\" content=\"ULTRASUN Alpine SPF 50+ Kombi - Dermacenter AG\" \/>\n<meta property=\"og:description\" content=\"2 in 1 Sonnenschutz f\u00fcr Gesicht &amp; Lippen f\u00fcr die Berge\" \/>\n<meta property=\"og:url\" content=\"https:\/\/www.dermacenter.ch\/?product=ultrasun-alpine-spf-50-kombi\" \/>\n<meta property=\"og:site_name\" content=\"Dermacenter AG\" \/>\n<meta property=\"article:modified_time\" content=\"2024-06-19T14:13:07+00:00\" \/>\n<meta property=\"og:image\" content=\"https:\/\/www.dermacenter.ch\/wp-content\/uploads\/2023\/07\/U47795_Alpine_SPF50_Kombi_20_DE-FR_cmyk.jpg\" \/>\n\t<meta property=\"og:image:width\" content=\"500\" \/>\n\t<meta property=\"og:image:height\" content=\"500\" \/>\n<meta name=\"twitter:card\" content=\"summary_large_image\" \/>\n<meta name=\"twitter:label1\" content=\"Gesch\u00e4tzte Lesezeit\">\n\t<meta name=\"twitter:data1\" content=\"0\u00a0Minuten\">\n<script type=\"application\/ld+json\" class=\"yoast-schema-graph\">{\"@context\":\"https:\/\/schema.org\",\"@graph\":[{\"@type\":\"WebSite\",\"@id\":\"https:\/\/www.dermacenter.ch\/#website\",\"url\":\"https:\/\/www.dermacenter.ch\/\",\"name\":\"Dermacenter AG\",\"description\":\"\",\"potentialAction\":[{\"@type\":\"SearchAction\",\"target\":\"https:\/\/www.dermacenter.ch\/?s={search_term_string}\",\"query-input\":\"required name=search_term_string\"}],\"inLanguage\":\"de\"},{\"@type\":\"ImageObject\",\"@id\":\"https:\/\/www.dermacenter.ch\/?product=ultrasun-alpine-spf-50-kombi#primaryimage\",\"inLanguage\":\"de\",\"url\":\"https:\/\/www.dermacenter.ch\/wp-content\/uploads\/2023\/07\/U47795_Alpine_SPF50_Kombi_20_DE-FR_cmyk.jpg\",\"width\":500,\"height\":500},{\"@type\":\"WebPage\",\"@id\":\"https:\/\/www.dermacenter.ch\/?product=ultrasun-alpine-spf-50-kombi#webpage\",\"url\":\"https:\/\/www.dermacenter.ch\/?product=ultrasun-alpine-spf-50-kombi\",\"name\":\"ULTRASUN Alpine SPF 50+ Kombi - Dermacenter AG\",\"isPartOf\":{\"@id\":\"https:\/\/www.dermacenter.ch\/#website\"},\"primaryImageOfPage\":{\"@id\":\"https:\/\/www.dermacenter.ch\/?product=ultrasun-alpine-spf-50-kombi#primaryimage\"},\"datePublished\":\"2023-07-10T09:26:00+00:00\",\"dateModified\":\"2024-06-19T14:13:07+00:00\",\"inLanguage\":\"de\",\"potentialAction\":[{\"@type\":\"ReadAction\",\"target\":[\"https:\/\/www.dermacenter.ch\/?product=ultrasun-alpine-spf-50-kombi\"]}]}]}<\/script>\n<!-- \/ Yoast SEO plugin. -->","_links":{"self":[{"href":"https:\/\/www.dermacenter.ch\/index.php?rest_route=\/wp\/v2\/product\/13656"}],"collection":[{"href":"https:\/\/www.dermacenter.ch\/index.php?rest_route=\/wp\/v2\/product"}],"about":[{"href":"https:\/\/www.dermacenter.ch\/index.php?rest_route=\/wp\/v2\/types\/product"}],"replies":[{"embeddable":true,"href":"https:\/\/www.dermacenter.ch\/index.php?rest_route=%2Fwp%2Fv2%2Fcomments&post=13656"}],"wp:featuredmedia":[{"embeddable":true,"href":"https:\/\/www.dermacenter.ch\/index.php?rest_route=\/wp\/v2\/media\/13657"}],"wp:attachment":[{"href":"https:\/\/www.dermacenter.ch\/index.php?rest_route=%2Fwp%2Fv2%2Fmedia&parent=13656"}],"curies":[{"name":"wp","href":"https:\/\/api.w.org\/{rel}","templated":true}]}}

<p>Sehr schnell absorbierende, spezielle Kombination von lamellarem UVA- und UVB-Breitband-Schutz mit SPF50+, GSP für Infrarot-Schutz, Titandioxid zum Schutz vor blauem Licht und Ectoin. Der wasserfreie Stick schützt sensible Lippen und exponierte Hautpartien wie Nase und Wangen vor Sonne, Wind und Kälte. Ideal für die extremen Wetterbedingungen in den Bergen.</p>

<p><b>2 in 1 Sonnenschutz für Gesicht &amp; Lippen für die Berge</b></p>

<!-- This site is optimized with the Yoast SEO plugin v15.5 - https://yoast.com/wordpress/plugins/seo/ -->
<title>ULTRASUN Alpine SPF 50+ Kombi - Dermacenter AG</title>
<meta name="robots" content="index, follow, max-snippet:-1, max-image-preview:large, max-video-preview:-1" />
<link rel="canonical" href="https://www.dermacenter.ch/?product=ultrasun-alpine-spf-50-kombi" />
<meta property="og:locale" content="de_DE" />
<meta property="og:type" content="article" />
<meta property="og:title" content="ULTRASUN Alpine SPF 50+ Kombi - Dermacenter AG" />
<meta property="og:description" content="2 in 1 Sonnenschutz für Gesicht &amp; Lippen für die Berge" />
<meta property="og:url" content="https://www.dermacenter.ch/?product=ultrasun-alpine-spf-50-kombi" />
<meta property="og:site_name" content="Dermacenter AG" />
<meta property="article:modified_time" content="2024-06-19T14:13:07+00:00" />
<meta property="og:image" content="https://www.dermacenter.ch/wp-content/uploads/2023/07/U47795_Alpine_SPF50_Kombi_20_DE-FR_cmyk.jpg" />
	<meta property="og:image:width" content="500" />
	<meta property="og:image:height" content="500" />
<meta name="twitter:card" content="summary_large_image" />
<meta name="twitter:label1" content="Geschätzte Lesezeit">
	<meta name="twitter:data1" content="0 Minuten">
<script type="application/ld+json" class="yoast-schema-graph">{"@context":"https://schema.org","@graph":[{"@type":"WebSite","@id":"https://www.dermacenter.ch/#website","url":"https://www.dermacenter.ch/","name":"Dermacenter AG","description":"","potentialAction":[{"@type":"SearchAction","target":"https://www.dermacenter.ch/?s={search_term_string}","query-input":"required name=search_term_string"}],"inLanguage":"de"},{"@type":"ImageObject","@id":"https://www.dermacenter.ch/?product=ultrasun-alpine-spf-50-kombi#primaryimage","inLanguage":"de","url":"https://www.dermacenter.ch/wp-content/uploads/2023/07/U47795_Alpine_SPF50_Kombi_20_DE-FR_cmyk.jpg","width":500,"height":500},{"@type":"WebPage","@id":"https://www.dermacenter.ch/?product=ultrasun-alpine-spf-50-kombi#webpage","url":"https://www.dermacenter.ch/?product=ultrasun-alpine-spf-50-kombi","name":"ULTRASUN Alpine SPF 50+ Kombi - Dermacenter AG","isPartOf":{"@id":"https://www.dermacenter.ch/#website"},"primaryImageOfPage":{"@id":"https://www.dermacenter.ch/?product=ultrasun-alpine-spf-50-kombi#primaryimage"},"datePublished":"2023-07-10T09:26:00+00:00","dateModified":"2024-06-19T14:13:07+00:00","inLanguage":"de","potentialAction":[{"@type":"ReadAction","target":["https://www.dermacenter.ch/?product=ultrasun-alpine-spf-50-kombi"]}]}]}</script>
<!-- / Yoast SEO plugin. -->
