{"id":10217,"date":"2020-04-03T14:22:10","date_gmt":"2020-04-03T12:22:10","guid":{"rendered":"http:\/\/derm.dermacenter.ch\/produkt\/import-placeholder-for-2295\/"},"modified":"2020-04-03T14:22:14","modified_gmt":"2020-04-03T12:22:14","slug":"avene-hydrance-optimal-riche-40-ml","status":"publish","type":"product","link":"https:\/\/www.dermacenter.ch\/?product=avene-hydrance-optimal-riche-40-ml","title":{"rendered":"Av\u00e8ne  Hydrance Optimal riche 40 ml"},"content":{"rendered":"<p>Alle Vorz\u00fcge von Hydrance Optimale &#8211; in reichhaltiger Konsistenz speziell f\u00fcr trockene Haut.  Korrigiert das typische Erscheinungsbild feuchtigkeitsarmer Haut. F\u00fcr bestm\u00f6gliche Feuchtigkeitsversorgung und ein gepflegtes Hautgef\u00fchl.<\/p>\n<p>&#8211; Biocymentin\u00ae (Lipidtrio) f\u00fcr besseren Zusammenhalt und gegen Feuchtigkeitsverlust<\/p>\n<p>&#8211; Lipomucin\u00ae +\u00a0Meiboserin\u00ae = Maximale Hydratation + Maximale Hautberuhigung<\/p>\n<p>&#8211; Optimierte Hautdiffusion, Verteilung, Aufl\u00f6sung und Freigabe des Av\u00e8ne Thermalwassers<\/p>\n<p>&#8211; Stabiler Langzeit-Lipidschutzfilm<\/p>\n<p>&#8211; Mit Matt-Effekt<\/p>\n<p>&#8211; Ohne Parabene<\/p>\n<p>&#8211; Leichte O\/W-Emulsion<\/p>\n<p>&#8211; Lipidgehalt 25 %<\/p>\n","protected":false},"excerpt":{"rendered":"<p>Langanhaltende, intensive Feuchtigkeitspflege f\u00fcr empfindliche, trockene bis sehr trockene Haut<\/p>\n","protected":false},"featured_media":9878,"comment_status":"open","ping_status":"closed","template":"","meta":[],"yoast_head":"<!-- This site is optimized with the Yoast SEO plugin v15.5 - https:\/\/yoast.com\/wordpress\/plugins\/seo\/ -->\n<title>Av\u00e8ne Hydrance Optimal riche 40 ml - Dermacenter AG<\/title>\n<meta name=\"robots\" content=\"index, follow, max-snippet:-1, max-image-preview:large, max-video-preview:-1\" \/>\n<link rel=\"canonical\" href=\"https:\/\/www.dermacenter.ch\/?product=avene-hydrance-optimal-riche-40-ml\" \/>\n<meta property=\"og:locale\" content=\"de_DE\" \/>\n<meta property=\"og:type\" content=\"article\" \/>\n<meta property=\"og:title\" content=\"Av\u00e8ne Hydrance Optimal riche 40 ml - Dermacenter AG\" \/>\n<meta property=\"og:description\" content=\"Langanhaltende, intensive Feuchtigkeitspflege f\u00fcr empfindliche, trockene bis sehr trockene Haut\" \/>\n<meta property=\"og:url\" content=\"https:\/\/www.dermacenter.ch\/?product=avene-hydrance-optimal-riche-40-ml\" \/>\n<meta property=\"og:site_name\" content=\"Dermacenter AG\" \/>\n<meta property=\"article:modified_time\" content=\"2020-04-03T12:22:14+00:00\" \/>\n<meta property=\"og:image\" content=\"https:\/\/www.dermacenter.ch\/wp-content\/uploads\/2020\/04\/hydrance_optimale_riche.jpg\" \/>\n\t<meta property=\"og:image:width\" content=\"500\" \/>\n\t<meta property=\"og:image:height\" content=\"500\" \/>\n<meta name=\"twitter:card\" content=\"summary_large_image\" \/>\n<meta name=\"twitter:label1\" content=\"Gesch\u00e4tzte Lesezeit\">\n\t<meta name=\"twitter:data1\" content=\"0\u00a0Minuten\">\n<script type=\"application\/ld+json\" class=\"yoast-schema-graph\">{\"@context\":\"https:\/\/schema.org\",\"@graph\":[{\"@type\":\"WebSite\",\"@id\":\"https:\/\/www.dermacenter.ch\/#website\",\"url\":\"https:\/\/www.dermacenter.ch\/\",\"name\":\"Dermacenter AG\",\"description\":\"\",\"potentialAction\":[{\"@type\":\"SearchAction\",\"target\":\"https:\/\/www.dermacenter.ch\/?s={search_term_string}\",\"query-input\":\"required name=search_term_string\"}],\"inLanguage\":\"de\"},{\"@type\":\"ImageObject\",\"@id\":\"https:\/\/www.dermacenter.ch\/?product=avene-hydrance-optimal-riche-40-ml#primaryimage\",\"inLanguage\":\"de\",\"url\":\"https:\/\/www.dermacenter.ch\/wp-content\/uploads\/2020\/04\/hydrance_optimale_riche.jpg\",\"width\":500,\"height\":500},{\"@type\":\"WebPage\",\"@id\":\"https:\/\/www.dermacenter.ch\/?product=avene-hydrance-optimal-riche-40-ml#webpage\",\"url\":\"https:\/\/www.dermacenter.ch\/?product=avene-hydrance-optimal-riche-40-ml\",\"name\":\"Av\\u00e8ne Hydrance Optimal riche 40 ml - Dermacenter AG\",\"isPartOf\":{\"@id\":\"https:\/\/www.dermacenter.ch\/#website\"},\"primaryImageOfPage\":{\"@id\":\"https:\/\/www.dermacenter.ch\/?product=avene-hydrance-optimal-riche-40-ml#primaryimage\"},\"datePublished\":\"2020-04-03T12:22:10+00:00\",\"dateModified\":\"2020-04-03T12:22:14+00:00\",\"inLanguage\":\"de\",\"potentialAction\":[{\"@type\":\"ReadAction\",\"target\":[\"https:\/\/www.dermacenter.ch\/?product=avene-hydrance-optimal-riche-40-ml\"]}]}]}<\/script>\n<!-- \/ Yoast SEO plugin. -->","_links":{"self":[{"href":"https:\/\/www.dermacenter.ch\/index.php?rest_route=\/wp\/v2\/product\/10217"}],"collection":[{"href":"https:\/\/www.dermacenter.ch\/index.php?rest_route=\/wp\/v2\/product"}],"about":[{"href":"https:\/\/www.dermacenter.ch\/index.php?rest_route=\/wp\/v2\/types\/product"}],"replies":[{"embeddable":true,"href":"https:\/\/www.dermacenter.ch\/index.php?rest_route=%2Fwp%2Fv2%2Fcomments&post=10217"}],"wp:featuredmedia":[{"embeddable":true,"href":"https:\/\/www.dermacenter.ch\/index.php?rest_route=\/wp\/v2\/media\/9878"}],"wp:attachment":[{"href":"https:\/\/www.dermacenter.ch\/index.php?rest_route=%2Fwp%2Fv2%2Fmedia&parent=10217"}],"curies":[{"name":"wp","href":"https:\/\/api.w.org\/{rel}","templated":true}]}}