{"id":10089,"date":"2020-04-03T14:21:35","date_gmt":"2020-04-03T12:21:35","guid":{"rendered":"http:\/\/derm.dermacenter.ch\/produkt\/import-placeholder-for-2033\/"},"modified":"2024-10-21T10:54:12","modified_gmt":"2024-10-21T08:54:12","slug":"kha-lipolotion-500-ml","status":"publish","type":"product","link":"https:\/\/www.dermacenter.ch\/?product=kha-lipolotion-500-ml","title":{"rendered":"Kha Lipolotion 500 ml"},"content":{"rendered":"<p>Das Hans Karrer Lipolotion MikroSilber ist eine feuchtigkeitsspendende Lipolotion, die eine regenerierende Wirkung auf spr\u00f6de und vertrocknete Haut hat. Hans Karrer Lipolotion Mikrosilber enth\u00e4lt hochwertige Inhaltsstoffe, die sich besonders gut f\u00fcr die grossfl\u00e4chige Pflege von trockener Haut eignen. Die Lotion besteht aus einer Zusammensetzung von Wirkstoffen wie Mirkosilber, wertvollem\u00a0Mandel\u00f6l und Glyzerin. Die Kombination dieser Wirkstoffe sorgt f\u00fcr eine ausreichende Pflege, Schutz und Regeneration von vertrockneten Hautpartien. \u00dcbersch\u00fcssige Keime in der Haut werden auf sanfte Weise durch das Mirkosilber beseitigt, w\u00e4hrend das Mandel\u00f6l f\u00fcr eine nachhaltig wirkende Pflege der Haut sorgt. Dadurch kann in kurzer Zeit die nat\u00fcrliche Hautflora wieder hergestellt werden. Hans Karrer Lipolotion MirkoSilber eignet sich daher vor allem f\u00fcr die Behandlung ausgetrockneter Haut, die als Folge von Diabetes, Neurodemitis und Psoriasis entstanden ist.<\/p>\n","protected":false},"excerpt":{"rendered":"<p>Das Hans Karrer Lipolotion MikroSilber ist eine feuchtigkeitsspendende Lipolotion, die eine regenerierende Wirkung auf spr\u00f6de und vertrocknete Haut hat. Hans Karrer Lipolotion Mikrosilber enth\u00e4lt hochwertige Inhaltsstoffe, die sich besonders gut f\u00fcr die grossfl\u00e4chige Pflege von trockener Haut eignen. Die Lotion besteht aus einer Zusammensetzung von Wirkstoffen wie Mirkosilber, wertvollem\u00a0Mandel\u00f6l und Glyzerin. Die Kombination dieser Wirkstoffe [&hellip;]\n","protected":false},"featured_media":9649,"comment_status":"open","ping_status":"closed","template":"","meta":[],"yoast_head":"<!-- This site is optimized with the Yoast SEO plugin v15.5 - https:\/\/yoast.com\/wordpress\/plugins\/seo\/ -->\n<title>Kha Lipolotion 500 ml - Dermacenter AG<\/title>\n<meta name=\"robots\" content=\"index, follow, max-snippet:-1, max-image-preview:large, max-video-preview:-1\" \/>\n<link rel=\"canonical\" href=\"https:\/\/www.dermacenter.ch\/?product=kha-lipolotion-500-ml\" \/>\n<meta property=\"og:locale\" content=\"de_DE\" \/>\n<meta property=\"og:type\" content=\"article\" \/>\n<meta property=\"og:title\" content=\"Kha Lipolotion 500 ml - Dermacenter AG\" \/>\n<meta property=\"og:description\" content=\"Das Hans Karrer Lipolotion MikroSilber ist eine feuchtigkeitsspendende Lipolotion, die eine regenerierende Wirkung auf spr\u00f6de und vertrocknete Haut hat. Hans Karrer Lipolotion Mikrosilber enth\u00e4lt hochwertige Inhaltsstoffe, die sich besonders gut f\u00fcr die grossfl\u00e4chige Pflege von trockener Haut eignen. Die Lotion besteht aus einer Zusammensetzung von Wirkstoffen wie Mirkosilber, wertvollem\u00a0Mandel\u00f6l und Glyzerin. Die Kombination dieser Wirkstoffe [&hellip;]\" \/>\n<meta property=\"og:url\" content=\"https:\/\/www.dermacenter.ch\/?product=kha-lipolotion-500-ml\" \/>\n<meta property=\"og:site_name\" content=\"Dermacenter AG\" \/>\n<meta property=\"article:modified_time\" content=\"2024-10-21T08:54:12+00:00\" \/>\n<meta property=\"og:image\" content=\"https:\/\/www.dermacenter.ch\/wp-content\/uploads\/2020\/04\/Kha-Lipolotion-500-ml.jpg\" \/>\n\t<meta property=\"og:image:width\" content=\"505\" \/>\n\t<meta property=\"og:image:height\" content=\"505\" \/>\n<meta name=\"twitter:card\" content=\"summary_large_image\" \/>\n<meta name=\"twitter:label1\" content=\"Gesch\u00e4tzte Lesezeit\">\n\t<meta name=\"twitter:data1\" content=\"1\u00a0Minute\">\n<script type=\"application\/ld+json\" class=\"yoast-schema-graph\">{\"@context\":\"https:\/\/schema.org\",\"@graph\":[{\"@type\":\"WebSite\",\"@id\":\"https:\/\/www.dermacenter.ch\/#website\",\"url\":\"https:\/\/www.dermacenter.ch\/\",\"name\":\"Dermacenter AG\",\"description\":\"\",\"potentialAction\":[{\"@type\":\"SearchAction\",\"target\":\"https:\/\/www.dermacenter.ch\/?s={search_term_string}\",\"query-input\":\"required name=search_term_string\"}],\"inLanguage\":\"de\"},{\"@type\":\"ImageObject\",\"@id\":\"https:\/\/www.dermacenter.ch\/?product=kha-lipolotion-500-ml#primaryimage\",\"inLanguage\":\"de\",\"url\":\"https:\/\/www.dermacenter.ch\/wp-content\/uploads\/2020\/04\/Kha-Lipolotion-500-ml.jpg\",\"width\":505,\"height\":505},{\"@type\":\"WebPage\",\"@id\":\"https:\/\/www.dermacenter.ch\/?product=kha-lipolotion-500-ml#webpage\",\"url\":\"https:\/\/www.dermacenter.ch\/?product=kha-lipolotion-500-ml\",\"name\":\"Kha Lipolotion 500 ml - Dermacenter AG\",\"isPartOf\":{\"@id\":\"https:\/\/www.dermacenter.ch\/#website\"},\"primaryImageOfPage\":{\"@id\":\"https:\/\/www.dermacenter.ch\/?product=kha-lipolotion-500-ml#primaryimage\"},\"datePublished\":\"2020-04-03T12:21:35+00:00\",\"dateModified\":\"2024-10-21T08:54:12+00:00\",\"inLanguage\":\"de\",\"potentialAction\":[{\"@type\":\"ReadAction\",\"target\":[\"https:\/\/www.dermacenter.ch\/?product=kha-lipolotion-500-ml\"]}]}]}<\/script>\n<!-- \/ Yoast SEO plugin. -->","_links":{"self":[{"href":"https:\/\/www.dermacenter.ch\/index.php?rest_route=\/wp\/v2\/product\/10089"}],"collection":[{"href":"https:\/\/www.dermacenter.ch\/index.php?rest_route=\/wp\/v2\/product"}],"about":[{"href":"https:\/\/www.dermacenter.ch\/index.php?rest_route=\/wp\/v2\/types\/product"}],"replies":[{"embeddable":true,"href":"https:\/\/www.dermacenter.ch\/index.php?rest_route=%2Fwp%2Fv2%2Fcomments&post=10089"}],"wp:featuredmedia":[{"embeddable":true,"href":"https:\/\/www.dermacenter.ch\/index.php?rest_route=\/wp\/v2\/media\/9649"}],"wp:attachment":[{"href":"https:\/\/www.dermacenter.ch\/index.php?rest_route=%2Fwp%2Fv2%2Fmedia&parent=10089"}],"curies":[{"name":"wp","href":"https:\/\/api.w.org\/{rel}","templated":true}]}}