{"id":10029,"date":"2020-04-03T14:21:16","date_gmt":"2020-04-03T12:21:16","guid":{"rendered":"http:\/\/derm.dermacenter.ch\/produkt\/import-placeholder-for-5672\/"},"modified":"2020-04-03T14:21:20","modified_gmt":"2020-04-03T12:21:20","slug":"lubex-anti-age-intelligence-30-ml","status":"publish","type":"product","link":"https:\/\/www.dermacenter.ch\/?product=lubex-anti-age-intelligence-30-ml","title":{"rendered":"Lubex \u2013 anti-age intelligence 30 ml"},"content":{"rendered":"<p>Das Lubex anti-age intelligence refining serum mattiert die Haut, verfeinert das Hautbild, gl\u00e4ttet F\u00e4ltchen und verleiht einen frischen, strahlenden Teint. Es ist f\u00fcr jeden Hauttyp geeignet. Das intelligente Wirksystem mit 6 Biostimulatoren erkennt und behandelt die unterschiedlichen Bed\u00fcrfnisse der Haut gezielt von der Oberfl\u00e4che bis in die Tiefe:<\/p>\n<p><strong>Wirkung:<\/strong>  \u2022 verfeinert das Hautbild (Peptide, Phyto Stem Cells)  \u2022 verkleinert die Poren und mattiert die Haut sofort (Pistazienbaum-\u00a0und Tragantwurzel-Extrakt)  \u2022 reduziert Falten (hochaktive Fragmente der nat\u00fcrlichen Hyalurons\u00e4ure, Ingwer-Extrakt)<\/p>\n","protected":false},"excerpt":{"rendered":"<p>Intelligentes Serum\u00a0f\u00fcr einen strahlenden Teint &#8211; Porenverfeinerung und gegl\u00e4ttete F\u00e4ltchen<\/p>\n","protected":false},"featured_media":9535,"comment_status":"open","ping_status":"closed","template":"","meta":[],"yoast_head":"<!-- This site is optimized with the Yoast SEO plugin v15.5 - https:\/\/yoast.com\/wordpress\/plugins\/seo\/ -->\n<title>Lubex \u2013 anti-age intelligence 30 ml - Dermacenter AG<\/title>\n<meta name=\"robots\" content=\"index, follow, max-snippet:-1, max-image-preview:large, max-video-preview:-1\" \/>\n<link rel=\"canonical\" href=\"https:\/\/www.dermacenter.ch\/?product=lubex-anti-age-intelligence-30-ml\" \/>\n<meta property=\"og:locale\" content=\"de_DE\" \/>\n<meta property=\"og:type\" content=\"article\" \/>\n<meta property=\"og:title\" content=\"Lubex \u2013 anti-age intelligence 30 ml - Dermacenter AG\" \/>\n<meta property=\"og:description\" content=\"Intelligentes Serum\u00a0f\u00fcr einen strahlenden Teint - Porenverfeinerung und gegl\u00e4ttete F\u00e4ltchen\" \/>\n<meta property=\"og:url\" content=\"https:\/\/www.dermacenter.ch\/?product=lubex-anti-age-intelligence-30-ml\" \/>\n<meta property=\"og:site_name\" content=\"Dermacenter AG\" \/>\n<meta property=\"article:modified_time\" content=\"2020-04-03T12:21:20+00:00\" \/>\n<meta property=\"og:image\" content=\"https:\/\/www.dermacenter.ch\/wp-content\/uploads\/2020\/04\/FL_Lubex_aa_intelligence_30ml.jpg\" \/>\n\t<meta property=\"og:image:width\" content=\"500\" \/>\n\t<meta property=\"og:image:height\" content=\"500\" \/>\n<meta name=\"twitter:card\" content=\"summary_large_image\" \/>\n<meta name=\"twitter:label1\" content=\"Gesch\u00e4tzte Lesezeit\">\n\t<meta name=\"twitter:data1\" content=\"0\u00a0Minuten\">\n<script type=\"application\/ld+json\" class=\"yoast-schema-graph\">{\"@context\":\"https:\/\/schema.org\",\"@graph\":[{\"@type\":\"WebSite\",\"@id\":\"https:\/\/www.dermacenter.ch\/#website\",\"url\":\"https:\/\/www.dermacenter.ch\/\",\"name\":\"Dermacenter AG\",\"description\":\"\",\"potentialAction\":[{\"@type\":\"SearchAction\",\"target\":\"https:\/\/www.dermacenter.ch\/?s={search_term_string}\",\"query-input\":\"required name=search_term_string\"}],\"inLanguage\":\"de\"},{\"@type\":\"ImageObject\",\"@id\":\"https:\/\/www.dermacenter.ch\/?product=lubex-anti-age-intelligence-30-ml#primaryimage\",\"inLanguage\":\"de\",\"url\":\"https:\/\/www.dermacenter.ch\/wp-content\/uploads\/2020\/04\/FL_Lubex_aa_intelligence_30ml.jpg\",\"width\":500,\"height\":500},{\"@type\":\"WebPage\",\"@id\":\"https:\/\/www.dermacenter.ch\/?product=lubex-anti-age-intelligence-30-ml#webpage\",\"url\":\"https:\/\/www.dermacenter.ch\/?product=lubex-anti-age-intelligence-30-ml\",\"name\":\"Lubex \\u2013 anti-age intelligence 30 ml - Dermacenter AG\",\"isPartOf\":{\"@id\":\"https:\/\/www.dermacenter.ch\/#website\"},\"primaryImageOfPage\":{\"@id\":\"https:\/\/www.dermacenter.ch\/?product=lubex-anti-age-intelligence-30-ml#primaryimage\"},\"datePublished\":\"2020-04-03T12:21:16+00:00\",\"dateModified\":\"2020-04-03T12:21:20+00:00\",\"inLanguage\":\"de\",\"potentialAction\":[{\"@type\":\"ReadAction\",\"target\":[\"https:\/\/www.dermacenter.ch\/?product=lubex-anti-age-intelligence-30-ml\"]}]}]}<\/script>\n<!-- \/ Yoast SEO plugin. -->","_links":{"self":[{"href":"https:\/\/www.dermacenter.ch\/index.php?rest_route=\/wp\/v2\/product\/10029"}],"collection":[{"href":"https:\/\/www.dermacenter.ch\/index.php?rest_route=\/wp\/v2\/product"}],"about":[{"href":"https:\/\/www.dermacenter.ch\/index.php?rest_route=\/wp\/v2\/types\/product"}],"replies":[{"embeddable":true,"href":"https:\/\/www.dermacenter.ch\/index.php?rest_route=%2Fwp%2Fv2%2Fcomments&post=10029"}],"wp:featuredmedia":[{"embeddable":true,"href":"https:\/\/www.dermacenter.ch\/index.php?rest_route=\/wp\/v2\/media\/9535"}],"wp:attachment":[{"href":"https:\/\/www.dermacenter.ch\/index.php?rest_route=%2Fwp%2Fv2%2Fmedia&parent=10029"}],"curies":[{"name":"wp","href":"https:\/\/api.w.org\/{rel}","templated":true}]}}