{"id":291,"date":"2013-11-06T22:59:10","date_gmt":"2013-11-06T21:59:10","guid":{"rendered":"http:\/\/www.dermacenter.ch\/?page_id=291"},"modified":"2021-06-11T15:47:27","modified_gmt":"2021-06-11T13:47:27","slug":"dermashop","status":"publish","type":"page","link":"https:\/\/www.dermacenter.ch\/?page_id=291","title":{"rendered":"Dermashop"},"content":{"rendered":"<h1>Herzlich willkommen in unserem Shop<\/h1>\n<p>Unsere ansprechenden R\u00e4umlichkeiten im Erdgeschoss der Bahnhofstrasse 15 dienen als Empfang f\u00fcr alle Bereiche des Dermacenter K\u00fcssnacht und als Verkaufsfl\u00e4che f\u00fcr kosmetische und medizinische Pflegeprodukte. Zus\u00e4tzlich gibt es zwei Kabinen f\u00fcr kosmetische Behandlungen.<\/p>\n  <section class=\"section\" id=\"section_213146096\">\n      <div class=\"bg section-bg fill bg-fill  bg-loaded\" >\n\n        \n        \n        \n        \n        \n        \n\t<div class=\"is-border\"\n\t\tstyle=\"border-color:rgb(235, 235, 235);border-width:1px 0px 0px 0px;\">\n\t<\/div>\n\n      <\/div><!-- .section-bg -->\n\n      <div class=\"section-content relative\">\n        \n<div class=\"row row-collapse row-full-width align-middle align-center\"  id=\"row-636484881\">\n<div class=\"col medium-5 small-12 large-5\"  ><div class=\"col-inner\"  >\n    <div class=\"img has-hover x md-x lg-x y md-y lg-y\" id=\"image_1312691528\">\n                <div class=\"img-inner dark\" style=\"margin:0px 0px 0px 0px;\">\n        <img width=\"638\" height=\"555\" src=\"https:\/\/www.dermacenter.ch\/wp-content\/uploads\/2018\/03\/Hintergrund-Dermashop.jpg\" class=\"attachment-large size-large\" alt=\"\" loading=\"lazy\" srcset=\"https:\/\/www.dermacenter.ch\/wp-content\/uploads\/2018\/03\/Hintergrund-Dermashop.jpg 638w, https:\/\/www.dermacenter.ch\/wp-content\/uploads\/2018\/03\/Hintergrund-Dermashop-300x261.jpg 300w, https:\/\/www.dermacenter.ch\/wp-content\/uploads\/2018\/03\/Hintergrund-Dermashop-600x522.jpg 600w\" sizes=\"(max-width: 638px) 100vw, 638px\" \/>                \n            <\/div>\n                   \n<style scope=\"scope\">\n\n<\/style>\n    <\/div>\n    \n<\/div><\/div>\n<div class=\"col medium-1 small-12 large-1\"  ><div class=\"col-inner\"  >\n<\/div><\/div>\n<div class=\"col medium-5 small-12 large-5\"  ><div class=\"col-inner\" style=\"max-width:520px;padding:5% 5% 5% 5%;\" >\n<h2>\u00d6ffnungszeiten<\/h2>\n<div id=\"row-470789130\" class=\"row\">\n<div class=\"col small-12 large-12\">\n<div class=\"col-inner\">\n<p><strong>Dermashop<\/strong><br \/>Montag bis Donnerstag<br \/>08:00 \u2013 17:30 Uhr<br \/>Freitag<br \/>08:00 \u2013 15:30 Uhr<\/p>\n<\/div>\n<\/div>\n<\/div>\n<\/div><\/div>\n\n<style scope=\"scope\">\n\n<\/style>\n<\/div>\n      <\/div><!-- .section-content -->\n\n      \n<style scope=\"scope\">\n\n#section_213146096 {\n  padding-top: 60px;\n  padding-bottom: 60px;\n  min-height: 300px;\n  background-color: rgb(245, 245, 245);\n}\n<\/style>\n  <\/section>\n  \n<p>\u00a0<\/p>\n<div id=\"row-470789130\" class=\"row\">\n<div class=\"col small-12 large-12\">\n<div class=\"col-inner\">\n<h2>Das Team<\/h2>\n<p><img loading=\"lazy\" class=\"aligncenter wp-image-11628 size-large\" src=\"https:\/\/www.dermacenter.ch\/wp-content\/uploads\/2021\/05\/DermaCenter_210507_2656-1024x683.jpg\" alt=\"\" width=\"1020\" height=\"680\" srcset=\"https:\/\/www.dermacenter.ch\/wp-content\/uploads\/2021\/05\/DermaCenter_210507_2656-1024x683.jpg 1024w, https:\/\/www.dermacenter.ch\/wp-content\/uploads\/2021\/05\/DermaCenter_210507_2656-300x200.jpg 300w, https:\/\/www.dermacenter.ch\/wp-content\/uploads\/2021\/05\/DermaCenter_210507_2656-768x512.jpg 768w, https:\/\/www.dermacenter.ch\/wp-content\/uploads\/2021\/05\/DermaCenter_210507_2656-1536x1024.jpg 1536w, https:\/\/www.dermacenter.ch\/wp-content\/uploads\/2021\/05\/DermaCenter_210507_2656-2048x1365.jpg 2048w, https:\/\/www.dermacenter.ch\/wp-content\/uploads\/2021\/05\/DermaCenter_210507_2656-600x400.jpg 600w\" sizes=\"(max-width: 1020px) 100vw, 1020px\" \/><\/p>\n<\/div>\n<\/div>\n<\/div>\n","protected":false},"excerpt":{"rendered":"<p>Herzlich willkommen in unserem Shop Unsere ansprechenden R\u00e4umlichkeiten im Erdgeschoss der Bahnhofstrasse 15 dienen als Empfang f\u00fcr alle Bereiche des Dermacenter K\u00fcssnacht und als Verkaufsfl\u00e4che f\u00fcr kosmetische und medizinische Pflegeprodukte. Zus\u00e4tzlich gibt es zwei Kabinen f\u00fcr kosmetische Behandlungen. \u00a0 Das Team<\/p>\n","protected":false},"author":1,"featured_media":0,"parent":0,"menu_order":11,"comment_status":"closed","ping_status":"closed","template":"","meta":[],"yoast_head":"<!-- This site is optimized with the Yoast SEO plugin v15.5 - https:\/\/yoast.com\/wordpress\/plugins\/seo\/ -->\n<title>Dermashop - Dermacenter AG<\/title>\n<meta name=\"robots\" content=\"index, follow, max-snippet:-1, max-image-preview:large, max-video-preview:-1\" \/>\n<link rel=\"canonical\" href=\"https:\/\/www.dermacenter.ch\/?page_id=291\" \/>\n<meta property=\"og:locale\" content=\"de_DE\" \/>\n<meta property=\"og:type\" content=\"article\" \/>\n<meta property=\"og:title\" content=\"Dermashop - Dermacenter AG\" \/>\n<meta property=\"og:description\" content=\"Herzlich willkommen in unserem Shop Unsere ansprechenden R\u00e4umlichkeiten im Erdgeschoss der Bahnhofstrasse 15 dienen als Empfang f\u00fcr alle Bereiche des Dermacenter K\u00fcssnacht und als Verkaufsfl\u00e4che f\u00fcr kosmetische und medizinische Pflegeprodukte. Zus\u00e4tzlich gibt es zwei Kabinen f\u00fcr kosmetische Behandlungen. \u00a0 Das Team\" \/>\n<meta property=\"og:url\" content=\"https:\/\/www.dermacenter.ch\/?page_id=291\" \/>\n<meta property=\"og:site_name\" content=\"Dermacenter AG\" \/>\n<meta property=\"article:modified_time\" content=\"2021-06-11T13:47:27+00:00\" \/>\n<meta property=\"og:image\" content=\"https:\/\/www.dermacenter.ch\/wp-content\/uploads\/2021\/05\/DermaCenter_210507_2656-1024x683.jpg\" \/>\n<meta name=\"twitter:card\" content=\"summary_large_image\" \/>\n<meta name=\"twitter:label1\" content=\"Gesch\u00e4tzte Lesezeit\">\n\t<meta name=\"twitter:data1\" content=\"0\u00a0Minuten\">\n<script type=\"application\/ld+json\" class=\"yoast-schema-graph\">{\"@context\":\"https:\/\/schema.org\",\"@graph\":[{\"@type\":\"WebSite\",\"@id\":\"https:\/\/www.dermacenter.ch\/#website\",\"url\":\"https:\/\/www.dermacenter.ch\/\",\"name\":\"Dermacenter AG\",\"description\":\"\",\"potentialAction\":[{\"@type\":\"SearchAction\",\"target\":\"https:\/\/www.dermacenter.ch\/?s={search_term_string}\",\"query-input\":\"required name=search_term_string\"}],\"inLanguage\":\"de\"},{\"@type\":\"ImageObject\",\"@id\":\"https:\/\/www.dermacenter.ch\/?page_id=291#primaryimage\",\"inLanguage\":\"de\",\"url\":\"https:\/\/www.dermacenter.ch\/wp-content\/uploads\/2021\/05\/DermaCenter_210507_2656-1024x683.jpg\"},{\"@type\":\"WebPage\",\"@id\":\"https:\/\/www.dermacenter.ch\/?page_id=291#webpage\",\"url\":\"https:\/\/www.dermacenter.ch\/?page_id=291\",\"name\":\"Dermashop - Dermacenter AG\",\"isPartOf\":{\"@id\":\"https:\/\/www.dermacenter.ch\/#website\"},\"primaryImageOfPage\":{\"@id\":\"https:\/\/www.dermacenter.ch\/?page_id=291#primaryimage\"},\"datePublished\":\"2013-11-06T21:59:10+00:00\",\"dateModified\":\"2021-06-11T13:47:27+00:00\",\"inLanguage\":\"de\",\"potentialAction\":[{\"@type\":\"ReadAction\",\"target\":[\"https:\/\/www.dermacenter.ch\/?page_id=291\"]}]}]}<\/script>\n<!-- \/ Yoast SEO plugin. -->","_links":{"self":[{"href":"https:\/\/www.dermacenter.ch\/index.php?rest_route=\/wp\/v2\/pages\/291"}],"collection":[{"href":"https:\/\/www.dermacenter.ch\/index.php?rest_route=\/wp\/v2\/pages"}],"about":[{"href":"https:\/\/www.dermacenter.ch\/index.php?rest_route=\/wp\/v2\/types\/page"}],"author":[{"embeddable":true,"href":"https:\/\/www.dermacenter.ch\/index.php?rest_route=\/wp\/v2\/users\/1"}],"replies":[{"embeddable":true,"href":"https:\/\/www.dermacenter.ch\/index.php?rest_route=%2Fwp%2Fv2%2Fcomments&post=291"}],"version-history":[{"count":11,"href":"https:\/\/www.dermacenter.ch\/index.php?rest_route=\/wp\/v2\/pages\/291\/revisions"}],"predecessor-version":[{"id":11967,"href":"https:\/\/www.dermacenter.ch\/index.php?rest_route=\/wp\/v2\/pages\/291\/revisions\/11967"}],"wp:attachment":[{"href":"https:\/\/www.dermacenter.ch\/index.php?rest_route=%2Fwp%2Fv2%2Fmedia&parent=291"}],"curies":[{"name":"wp","href":"https:\/\/api.w.org\/{rel}","templated":true}]}}

<h1>Herzlich willkommen in unserem Shop</h1>
<p>Unsere ansprechenden Räumlichkeiten im Erdgeschoss der Bahnhofstrasse 15 dienen als Empfang für alle Bereiche des Dermacenter Küssnacht und als Verkaufsfläche für kosmetische und medizinische Pflegeprodukte. Zusätzlich gibt es zwei Kabinen für kosmetische Behandlungen.</p>
  <section class="section" id="section_213146096">
      <div class="bg section-bg fill bg-fill  bg-loaded" >

        
        
        
        
        
        
	<div class="is-border"
		style="border-color:rgb(235, 235, 235);border-width:1px 0px 0px 0px;">
	</div>

      </div><!-- .section-bg -->

      <div class="section-content relative">
        
<div class="row row-collapse row-full-width align-middle align-center"  id="row-636484881">
<div class="col medium-5 small-12 large-5"  ><div class="col-inner"  >
    <div class="img has-hover x md-x lg-x y md-y lg-y" id="image_1312691528">
                <div class="img-inner dark" style="margin:0px 0px 0px 0px;">
        <img width="638" height="555" src="https://www.dermacenter.ch/wp-content/uploads/2018/03/Hintergrund-Dermashop.jpg" class="attachment-large size-large" alt="" loading="lazy" srcset="https://www.dermacenter.ch/wp-content/uploads/2018/03/Hintergrund-Dermashop.jpg 638w, https://www.dermacenter.ch/wp-content/uploads/2018/03/Hintergrund-Dermashop-300x261.jpg 300w, https://www.dermacenter.ch/wp-content/uploads/2018/03/Hintergrund-Dermashop-600x522.jpg 600w" sizes="(max-width: 638px) 100vw, 638px" />                
            </div>
                   
<style scope="scope">

</style>
    </div>
    
</div></div>
<div class="col medium-1 small-12 large-1"  ><div class="col-inner"  >
</div></div>
<div class="col medium-5 small-12 large-5"  ><div class="col-inner" style="max-width:520px;padding:5% 5% 5% 5%;" >
<h2>Öffnungszeiten</h2>
<div id="row-470789130" class="row">
<div class="col small-12 large-12">
<div class="col-inner">
<p><strong>Dermashop</strong><br />Montag bis Donnerstag<br />08:00 – 17:30 Uhr<br />Freitag<br />08:00 – 15:30 Uhr</p>
</div>
</div>
</div>
</div></div>

<style scope="scope">

</style>
</div>
      </div><!-- .section-content -->

      
<style scope="scope">

#section_213146096 {
  padding-top: 60px;
  padding-bottom: 60px;
  min-height: 300px;
  background-color: rgb(245, 245, 245);
}
</style>
  </section>
  
<p> </p>
<div id="row-470789130" class="row">
<div class="col small-12 large-12">
<div class="col-inner">
<h2>Das Team</h2>
<p><img loading="lazy" class="aligncenter wp-image-11628 size-large" src="https://www.dermacenter.ch/wp-content/uploads/2021/05/DermaCenter_210507_2656-1024x683.jpg" alt="" width="1020" height="680" srcset="https://www.dermacenter.ch/wp-content/uploads/2021/05/DermaCenter_210507_2656-1024x683.jpg 1024w, https://www.dermacenter.ch/wp-content/uploads/2021/05/DermaCenter_210507_2656-300x200.jpg 300w, https://www.dermacenter.ch/wp-content/uploads/2021/05/DermaCenter_210507_2656-768x512.jpg 768w, https://www.dermacenter.ch/wp-content/uploads/2021/05/DermaCenter_210507_2656-1536x1024.jpg 1536w, https://www.dermacenter.ch/wp-content/uploads/2021/05/DermaCenter_210507_2656-2048x1365.jpg 2048w, https://www.dermacenter.ch/wp-content/uploads/2021/05/DermaCenter_210507_2656-600x400.jpg 600w" sizes="(max-width: 1020px) 100vw, 1020px" /></p>
</div>
</div>
</div>

<p>Herzlich willkommen in unserem Shop Unsere ansprechenden Räumlichkeiten im Erdgeschoss der Bahnhofstrasse 15 dienen als Empfang für alle Bereiche des Dermacenter Küssnacht und als Verkaufsfläche für kosmetische und medizinische Pflegeprodukte. Zusätzlich gibt es zwei Kabinen für kosmetische Behandlungen.   Das Team</p>

<!-- This site is optimized with the Yoast SEO plugin v15.5 - https://yoast.com/wordpress/plugins/seo/ -->
<title>Dermashop - Dermacenter AG</title>
<meta name="robots" content="index, follow, max-snippet:-1, max-image-preview:large, max-video-preview:-1" />
<link rel="canonical" href="https://www.dermacenter.ch/?page_id=291" />
<meta property="og:locale" content="de_DE" />
<meta property="og:type" content="article" />
<meta property="og:title" content="Dermashop - Dermacenter AG" />
<meta property="og:description" content="Herzlich willkommen in unserem Shop Unsere ansprechenden Räumlichkeiten im Erdgeschoss der Bahnhofstrasse 15 dienen als Empfang für alle Bereiche des Dermacenter Küssnacht und als Verkaufsfläche für kosmetische und medizinische Pflegeprodukte. Zusätzlich gibt es zwei Kabinen für kosmetische Behandlungen.   Das Team" />
<meta property="og:url" content="https://www.dermacenter.ch/?page_id=291" />
<meta property="og:site_name" content="Dermacenter AG" />
<meta property="article:modified_time" content="2021-06-11T13:47:27+00:00" />
<meta property="og:image" content="https://www.dermacenter.ch/wp-content/uploads/2021/05/DermaCenter_210507_2656-1024x683.jpg" />
<meta name="twitter:card" content="summary_large_image" />
<meta name="twitter:label1" content="Geschätzte Lesezeit">
	<meta name="twitter:data1" content="0 Minuten">
<script type="application/ld+json" class="yoast-schema-graph">{"@context":"https://schema.org","@graph":[{"@type":"WebSite","@id":"https://www.dermacenter.ch/#website","url":"https://www.dermacenter.ch/","name":"Dermacenter AG","description":"","potentialAction":[{"@type":"SearchAction","target":"https://www.dermacenter.ch/?s={search_term_string}","query-input":"required name=search_term_string"}],"inLanguage":"de"},{"@type":"ImageObject","@id":"https://www.dermacenter.ch/?page_id=291#primaryimage","inLanguage":"de","url":"https://www.dermacenter.ch/wp-content/uploads/2021/05/DermaCenter_210507_2656-1024x683.jpg"},{"@type":"WebPage","@id":"https://www.dermacenter.ch/?page_id=291#webpage","url":"https://www.dermacenter.ch/?page_id=291","name":"Dermashop - Dermacenter AG","isPartOf":{"@id":"https://www.dermacenter.ch/#website"},"primaryImageOfPage":{"@id":"https://www.dermacenter.ch/?page_id=291#primaryimage"},"datePublished":"2013-11-06T21:59:10+00:00","dateModified":"2021-06-11T13:47:27+00:00","inLanguage":"de","potentialAction":[{"@type":"ReadAction","target":["https://www.dermacenter.ch/?page_id=291"]}]}]}</script>
<!-- / Yoast SEO plugin. -->
