{"id":12117,"date":"2021-06-18T10:22:13","date_gmt":"2021-06-18T08:22:13","guid":{"rendered":"https:\/\/www.dermacenter.ch\/?page_id=12117"},"modified":"2021-06-21T23:48:08","modified_gmt":"2021-06-21T21:48:08","slug":"sonnenflecken-alterswarzen","status":"publish","type":"page","link":"https:\/\/www.dermacenter.ch\/?page_id=12117","title":{"rendered":"Sonnenflecken, Alterswarzen"},"content":{"rendered":"  <section class=\"section\" id=\"section_1851589418\">\n      <div class=\"bg section-bg fill bg-fill  \" >\n\n        \n        \n        \n        \n        \n        \n\t<div class=\"is-border\"\n\t\tstyle=\"border-color:rgb(235, 235, 235);border-width:1px 0px 0px 0px;\">\n\t<\/div>\n\n      <\/div><!-- .section-bg -->\n\n      <div class=\"section-content relative\">\n        \n      <\/div><!-- .section-content -->\n\n      \n<style scope=\"scope\">\n\n#section_1851589418 {\n  padding-top: 60px;\n  padding-bottom: 60px;\n  min-height: 379px;\n  background-color: rgb(245, 245, 245);\n}\n#section_1851589418 .section-bg.bg-loaded {\n  background-image: url(https:\/\/www.dermacenter.ch\/wp-content\/uploads\/2020\/12\/shutterstock_1708202179-scaled.jpg);\n}\n#section_1851589418 .section-bg {\n  background-position: 0% 31%;\n}\n<\/style>\n  <\/section>\n  \n<div class=\"row\"  id=\"row-1934097290\">\n<div class=\"col small-12 large-12\"  ><div class=\"col-inner\"  >\n<h1><strong>SONNENFLECKEN, ALTERSWARZEN<\/strong><\/h1>\n<p>St\u00f6rende <strong>braune Flecken<\/strong> oder <strong>W\u00e4rzchen<\/strong>? Im Laufe des Lebens bilden sich fast bei jedem Menschen mehr oder weniger auff\u00e4llige Hautver\u00e4nderungen, welche oft kosmetisch st\u00f6rend sind, gerade wenn sie im Gesicht auftreten. Wir haben f\u00fcr Sie im Dermacenter verschiedene Methoden, mit denen wir solche Hautl\u00e4sionen schonend entfernen k\u00f6nnen. Daf\u00fcr kommen meist unsere verschiedenen Lasersysteme zur Anwendung.<\/p>\n<p>Bei pigmentierten Hautver\u00e4nderungen ist es allerdings enorm wichtig, dass diese zuvor seri\u00f6s hautfach\u00e4rztlich abgekl\u00e4rt werden. Ein Grundsatz in unserem Dermacenter ist: Medizin geht immer vor Kosmetik. Die dermatologische Diagnosestellung erfolgt in der Regel mit einem sogenannten <strong>Dermatoskop<\/strong> (Auflichmikroskop). Manchmal ist auch eine kleine Hautprobe zur feingeweblichen Untersuchung notwendig, um ganz sicher zu sein. Wenn die Abkl\u00e4rung ergeben hat, dass es sich um eine <strong>gutartige Hautl\u00e4sion<\/strong> handelt, steht einer schmerzarmen, schonenden Laserentfernung der st\u00f6renden Hautver\u00e4nderungen nichts mehr im Wege.<\/p>\n<p>Im Dermacenter werden Laserbehandlungen von Sonnenflecken und Alterswarzen nur von unseren <strong>qualifizierten Hautfach\u00e4rzten<\/strong> durchgef\u00fchrt. Selbstverst\u00e4ndlich handelt es sich bei solchen kosmetischen Eingriffen nicht um eine Pflichtleistung der Krankenversicherer. Vor jedem \u00e4rztlichen kosmetischen Eingriff werden Sie von Ihrem behandelndem Dermatologen genau \u00fcber die Behandlung <strong>aufgekl\u00e4rt<\/strong>. Aus Gr\u00fcnden der Transparenz erhalten Sie bei uns im Dermacenter zus\u00e4tzlich verschiedenen Informationsbl\u00e4tter, zur Dokumentation der medizinischen Details sowie der Behandlungskosten.<\/p>\n<\/div><\/div>\n<\/div>\n  <section class=\"section\" id=\"section_1279941274\">\n      <div class=\"bg section-bg fill bg-fill  bg-loaded\" >\n\n        \n        \n        \n        \n        \n        \n\t<div class=\"is-border\"\n\t\tstyle=\"border-color:rgb(235, 235, 235);border-width:1px 0px 0px 0px;\">\n\t<\/div>\n\n      <\/div><!-- .section-bg -->\n\n      <div class=\"section-content relative\">\n        \n<div class=\"row\"  id=\"row-1498889196\">\n<div class=\"col medium-6 small-12 large-6\"  ><div class=\"col-inner\"  >\n<h2><span style=\"color: #777777;\">KEY FACTS<\/span><\/h2>\n<table style=\"border-collapse: collapse; width: 100%; height: 72px;\">\n<tbody>\n<tr style=\"border-style: hidden;\">\n<td style=\"width: 29.7583%; height: 21px;\"><span style=\"color: #777777;\">Preis pro Sitzung:<\/span><\/td>\n<td style=\"width: 70.2418%; height: 21px;\"><span style=\"color: #777777;\">ab CHF 300<\/span><\/td>\n<\/tr>\n<tr style=\"border-style: hidden;\">\n<td style=\"width: 29.7583%; height: 10px;\"><span style=\"color: #777777;\">Wiederholung:<\/span><\/td>\n<td style=\"width: 70.2418%; height: 10px;\"><span style=\"color: #777777;\">2 &#8211; 4 Sitzungen<\/span><\/td>\n<\/tr>\n<tr style=\"border-style: hidden;\">\n<td style=\"width: 29.7583%; height: 10px;\"><span style=\"color: #777777;\">Behandlungsdauer:<\/span><\/td>\n<td style=\"width: 70.2418%; height: 10px;\"><span style=\"color: #777777;\">ca. 30 Minuten<\/span><\/td>\n<\/tr>\n<tr style=\"border-style: hidden;\">\n<td style=\"width: 29.7583%; height: 10px;\"><span style=\"color: #777777;\">Verheildauer:<\/span><\/td>\n<td style=\"width: 70.2418%; height: 10px;\"><span style=\"color: #777777;\">3 -7 Tage<br \/><\/span><\/td>\n<\/tr>\n<tr style=\"border-style: hidden;\">\n<td style=\"width: 29.7583%; height: 21px;\"><span style=\"color: #777777;\">Dauer ohne Sport:<\/span><\/td>\n<td style=\"width: 70.2418%; height: 21px;\"><span style=\"color: #777777;\">1 Tag<br \/><\/span><\/td>\n<\/tr>\n<\/tbody>\n<\/table>\n<p>\u00a0<\/p>\n<\/div><\/div>\n<div class=\"col medium-6 small-12 large-6\"  ><div class=\"col-inner\"  >\n<h2 class=\"uppercase\"><a id=\"termin\"><\/a><span style=\"color: #777777;\">JETZT TERMIN VEREINBAREN<\/span><\/h2>\n<p>Unsere SpezialistInnen helfen Ihnen im pers\u00f6nlichen Gespr\u00e4ch gerne weiter. Geben Sie uns im Formular gerne Ihre Anliegen oder Bemerkungen an. Ihre Daten werden streng vertraulich behandelt.<\/p>\n<div role=\"form\" class=\"wpcf7\" id=\"wpcf7-f11901-o1\" lang=\"de-DE\" dir=\"ltr\">\n<div class=\"screen-reader-response\"><p role=\"status\" aria-live=\"polite\" aria-atomic=\"true\"><\/p> <ul><\/ul><\/div>\n<form action=\"\/index.php?rest_route=%2Fwp%2Fv2%2Fpages%2F12117#wpcf7-f11901-o1\" method=\"post\" class=\"wpcf7-form init\" novalidate=\"novalidate\" data-status=\"init\">\n<div style=\"display: none;\">\n<input type=\"hidden\" name=\"_wpcf7\" value=\"11901\" \/>\n<input type=\"hidden\" name=\"_wpcf7_version\" value=\"5.4\" \/>\n<input type=\"hidden\" name=\"_wpcf7_locale\" value=\"de_DE\" \/>\n<input type=\"hidden\" name=\"_wpcf7_unit_tag\" value=\"wpcf7-f11901-o1\" \/>\n<input type=\"hidden\" name=\"_wpcf7_container_post\" value=\"0\" \/>\n<input type=\"hidden\" name=\"_wpcf7_posted_data_hash\" value=\"\" \/>\n<input type=\"hidden\" name=\"_wpcf7cf_hidden_group_fields\" value=\"[]\" \/>\n<input type=\"hidden\" name=\"_wpcf7cf_hidden_groups\" value=\"[]\" \/>\n<input type=\"hidden\" name=\"_wpcf7cf_visible_groups\" value=\"[]\" \/>\n<input type=\"hidden\" name=\"_wpcf7cf_repeaters\" value=\"[]\" \/>\n<input type=\"hidden\" name=\"_wpcf7cf_steps\" value=\"{}\" \/>\n<input type=\"hidden\" name=\"_wpcf7cf_options\" value=\"{&quot;form_id&quot;:11901,&quot;conditions&quot;:[{&quot;then_field&quot;:&quot;Geburtsdatum&quot;,&quot;and_rules&quot;:[{&quot;if_field&quot;:&quot;menu-946&quot;,&quot;operator&quot;:&quot;equals&quot;,&quot;if_value&quot;:&quot;Ja&quot;}]}],&quot;settings&quot;:{&quot;animation&quot;:&quot;yes&quot;,&quot;animation_intime&quot;:200,&quot;animation_outtime&quot;:200,&quot;conditions_ui&quot;:&quot;normal&quot;,&quot;notice_dismissed&quot;:false,&quot;notice_dismissed_update-cf7-5.4.1&quot;:true,&quot;notice_dismissed_update-cf7-5.6.3&quot;:true,&quot;notice_dismissed_update-cf7-5.7.5.1&quot;:true}}\" \/>\n<\/div>\n<p><label> Sind Sie bestehender Patient?<br \/>\n<span class=\"wpcf7-form-control-wrap menu-946\"><select name=\"menu-946\" class=\"wpcf7-form-control wpcf7-select wpcf7-validates-as-required\" aria-required=\"true\" aria-invalid=\"false\"><option value=\"Nein\">Nein<\/option><option value=\"Ja\">Ja<\/option><\/select><\/span><br \/>\n<\/label><br \/>\n<label> Ihr Name (*)<br \/>\n    <span class=\"wpcf7-form-control-wrap your-name\"><input type=\"text\" name=\"your-name\" value=\"\" size=\"40\" class=\"wpcf7-form-control wpcf7-text wpcf7-validates-as-required\" aria-required=\"true\" aria-invalid=\"false\" \/><\/span> <\/label><\/p>\n<p><label> Ihre E-Mail-Adresse (*)<br \/>\n    <span class=\"wpcf7-form-control-wrap your-email\"><input type=\"email\" name=\"your-email\" value=\"\" size=\"40\" class=\"wpcf7-form-control wpcf7-text wpcf7-email wpcf7-validates-as-required wpcf7-validates-as-email\" aria-required=\"true\" aria-invalid=\"false\" \/><\/span> <\/label><\/p>\n<div data-id=\"Geburtsdatum\" data-orig_data_id=\"Geburtsdatum\"  class=\"\" data-class=\"wpcf7cf_group\"><label>Ihr Geburtsdatum (bei bestehenden Patienten)<br \/>\n<span class=\"wpcf7-form-control-wrap Geburtsdatum\"><input type=\"date\" name=\"Geburtsdatum\" value=\"\" class=\"wpcf7-form-control wpcf7-date wpcf7-validates-as-required wpcf7-validates-as-date\" aria-required=\"true\" aria-invalid=\"false\" \/><\/span><\/label><\/div>\n<p><label> Betreff<br \/>\n    <span class=\"wpcf7-form-control-wrap your-subject\"><input type=\"text\" name=\"your-subject\" value=\"\" size=\"40\" class=\"wpcf7-form-control wpcf7-text\" aria-invalid=\"false\" \/><\/span> <\/label><\/p>\n<p><label> Ihre Nachricht<br \/>\n    <span class=\"wpcf7-form-control-wrap your-message\"><textarea name=\"your-message\" cols=\"40\" rows=\"10\" class=\"wpcf7-form-control wpcf7-textarea\" aria-invalid=\"false\"><\/textarea><\/span> <\/label><br \/>\n<span id=\"wpcf7-69f464bbb9769-wrapper\" class=\"wpcf7-form-control-wrap honey-wrap\" style=\"display:none !important; visibility:hidden !important;\"><label for=\"wpcf7-69f464bbb9769-field\" class=\"hp-message\">Bitte lasse dieses Feld leer.<\/label><input id=\"wpcf7-69f464bbb9769-field\"  class=\"wpcf7-form-control wpcf7-text\" type=\"text\" name=\"honey\" value=\"\" size=\"40\" tabindex=\"-1\" autocomplete=\"new-password\" \/><\/span><\/p>\n<p><input type=\"submit\" value=\"Senden\" class=\"wpcf7-form-control wpcf7-submit\" \/><\/p>\n<p>* Pflichtfelder<\/p>\n<div class=\"wpcf7-response-output\" aria-hidden=\"true\"><\/div><\/form><\/div>\n<\/div><\/div>\n<\/div>\n      <\/div><!-- .section-content -->\n\n      \n<style scope=\"scope\">\n\n#section_1279941274 {\n  padding-top: 27px;\n  padding-bottom: 27px;\n  min-height: 300px;\n  background-color: #FFD194;\n}\n<\/style>\n  <\/section>\n  \n","protected":false},"excerpt":{"rendered":"","protected":false},"author":1,"featured_media":0,"parent":10467,"menu_order":0,"comment_status":"closed","ping_status":"closed","template":"page-blank.php","meta":[],"yoast_head":"<!-- This site is optimized with the Yoast SEO plugin v15.5 - https:\/\/yoast.com\/wordpress\/plugins\/seo\/ -->\n<title>Sonnenflecken, Alterswarzen - Dermacenter AG<\/title>\n<meta name=\"robots\" content=\"index, follow, max-snippet:-1, max-image-preview:large, max-video-preview:-1\" \/>\n<link rel=\"canonical\" href=\"https:\/\/www.dermacenter.ch\/?page_id=12117\" \/>\n<meta property=\"og:locale\" content=\"de_DE\" \/>\n<meta property=\"og:type\" content=\"article\" \/>\n<meta property=\"og:title\" content=\"Sonnenflecken, Alterswarzen - Dermacenter AG\" \/>\n<meta property=\"og:url\" content=\"https:\/\/www.dermacenter.ch\/?page_id=12117\" \/>\n<meta property=\"og:site_name\" content=\"Dermacenter AG\" \/>\n<meta property=\"article:modified_time\" content=\"2021-06-21T21:48:08+00:00\" \/>\n<meta name=\"twitter:card\" content=\"summary_large_image\" \/>\n<meta name=\"twitter:label1\" content=\"Gesch\u00e4tzte Lesezeit\">\n\t<meta name=\"twitter:data1\" content=\"1\u00a0Minute\">\n<script type=\"application\/ld+json\" class=\"yoast-schema-graph\">{\"@context\":\"https:\/\/schema.org\",\"@graph\":[{\"@type\":\"WebSite\",\"@id\":\"https:\/\/www.dermacenter.ch\/#website\",\"url\":\"https:\/\/www.dermacenter.ch\/\",\"name\":\"Dermacenter AG\",\"description\":\"\",\"potentialAction\":[{\"@type\":\"SearchAction\",\"target\":\"https:\/\/www.dermacenter.ch\/?s={search_term_string}\",\"query-input\":\"required name=search_term_string\"}],\"inLanguage\":\"de\"},{\"@type\":\"WebPage\",\"@id\":\"https:\/\/www.dermacenter.ch\/?page_id=12117#webpage\",\"url\":\"https:\/\/www.dermacenter.ch\/?page_id=12117\",\"name\":\"Sonnenflecken, Alterswarzen - Dermacenter AG\",\"isPartOf\":{\"@id\":\"https:\/\/www.dermacenter.ch\/#website\"},\"datePublished\":\"2021-06-18T08:22:13+00:00\",\"dateModified\":\"2021-06-21T21:48:08+00:00\",\"inLanguage\":\"de\",\"potentialAction\":[{\"@type\":\"ReadAction\",\"target\":[\"https:\/\/www.dermacenter.ch\/?page_id=12117\"]}]}]}<\/script>\n<!-- \/ Yoast SEO plugin. -->","_links":{"self":[{"href":"https:\/\/www.dermacenter.ch\/index.php?rest_route=\/wp\/v2\/pages\/12117"}],"collection":[{"href":"https:\/\/www.dermacenter.ch\/index.php?rest_route=\/wp\/v2\/pages"}],"about":[{"href":"https:\/\/www.dermacenter.ch\/index.php?rest_route=\/wp\/v2\/types\/page"}],"author":[{"embeddable":true,"href":"https:\/\/www.dermacenter.ch\/index.php?rest_route=\/wp\/v2\/users\/1"}],"replies":[{"embeddable":true,"href":"https:\/\/www.dermacenter.ch\/index.php?rest_route=%2Fwp%2Fv2%2Fcomments&post=12117"}],"version-history":[{"count":3,"href":"https:\/\/www.dermacenter.ch\/index.php?rest_route=\/wp\/v2\/pages\/12117\/revisions"}],"predecessor-version":[{"id":12224,"href":"https:\/\/www.dermacenter.ch\/index.php?rest_route=\/wp\/v2\/pages\/12117\/revisions\/12224"}],"up":[{"embeddable":true,"href":"https:\/\/www.dermacenter.ch\/index.php?rest_route=\/wp\/v2\/pages\/10467"}],"wp:attachment":[{"href":"https:\/\/www.dermacenter.ch\/index.php?rest_route=%2Fwp%2Fv2%2Fmedia&parent=12117"}],"curies":[{"name":"wp","href":"https:\/\/api.w.org\/{rel}","templated":true}]}}

<section class="section" id="section_1851589418">
      <div class="bg section-bg fill bg-fill  " >

        
        
        
        
        
        
	<div class="is-border"
		style="border-color:rgb(235, 235, 235);border-width:1px 0px 0px 0px;">
	</div>

      </div><!-- .section-bg -->

      <div class="section-content relative">
        
      </div><!-- .section-content -->

      
<style scope="scope">

#section_1851589418 {
  padding-top: 60px;
  padding-bottom: 60px;
  min-height: 379px;
  background-color: rgb(245, 245, 245);
}
#section_1851589418 .section-bg.bg-loaded {
  background-image: url(https://www.dermacenter.ch/wp-content/uploads/2020/12/shutterstock_1708202179-scaled.jpg);
}
#section_1851589418 .section-bg {
  background-position: 0% 31%;
}
</style>
  </section>
  
<div class="row"  id="row-1934097290">
<div class="col small-12 large-12"  ><div class="col-inner"  >
<h1><strong>SONNENFLECKEN, ALTERSWARZEN</strong></h1>
<p>Störende <strong>braune Flecken</strong> oder <strong>Wärzchen</strong>? Im Laufe des Lebens bilden sich fast bei jedem Menschen mehr oder weniger auffällige Hautveränderungen, welche oft kosmetisch störend sind, gerade wenn sie im Gesicht auftreten. Wir haben für Sie im Dermacenter verschiedene Methoden, mit denen wir solche Hautläsionen schonend entfernen können. Dafür kommen meist unsere verschiedenen Lasersysteme zur Anwendung.</p>
<p>Bei pigmentierten Hautveränderungen ist es allerdings enorm wichtig, dass diese zuvor seriös hautfachärztlich abgeklärt werden. Ein Grundsatz in unserem Dermacenter ist: Medizin geht immer vor Kosmetik. Die dermatologische Diagnosestellung erfolgt in der Regel mit einem sogenannten <strong>Dermatoskop</strong> (Auflichmikroskop). Manchmal ist auch eine kleine Hautprobe zur feingeweblichen Untersuchung notwendig, um ganz sicher zu sein. Wenn die Abklärung ergeben hat, dass es sich um eine <strong>gutartige Hautläsion</strong> handelt, steht einer schmerzarmen, schonenden Laserentfernung der störenden Hautveränderungen nichts mehr im Wege.</p>
<p>Im Dermacenter werden Laserbehandlungen von Sonnenflecken und Alterswarzen nur von unseren <strong>qualifizierten Hautfachärzten</strong> durchgeführt. Selbstverständlich handelt es sich bei solchen kosmetischen Eingriffen nicht um eine Pflichtleistung der Krankenversicherer. Vor jedem ärztlichen kosmetischen Eingriff werden Sie von Ihrem behandelndem Dermatologen genau über die Behandlung <strong>aufgeklärt</strong>. Aus Gründen der Transparenz erhalten Sie bei uns im Dermacenter zusätzlich verschiedenen Informationsblätter, zur Dokumentation der medizinischen Details sowie der Behandlungskosten.</p>
</div></div>
</div>
  <section class="section" id="section_1279941274">
      <div class="bg section-bg fill bg-fill  bg-loaded" >

        
        
        
        
        
        
	<div class="is-border"
		style="border-color:rgb(235, 235, 235);border-width:1px 0px 0px 0px;">
	</div>

      </div><!-- .section-bg -->

      <div class="section-content relative">
        
<div class="row"  id="row-1498889196">
<div class="col medium-6 small-12 large-6"  ><div class="col-inner"  >
<h2><span style="color: #777777;">KEY FACTS</span></h2>
<table style="border-collapse: collapse; width: 100%; height: 72px;">
<tbody>
<tr style="border-style: hidden;">
<td style="width: 29.7583%; height: 21px;"><span style="color: #777777;">Preis pro Sitzung:</span></td>
<td style="width: 70.2418%; height: 21px;"><span style="color: #777777;">ab CHF 300</span></td>
</tr>
<tr style="border-style: hidden;">
<td style="width: 29.7583%; height: 10px;"><span style="color: #777777;">Wiederholung:</span></td>
<td style="width: 70.2418%; height: 10px;"><span style="color: #777777;">2 &#8211; 4 Sitzungen</span></td>
</tr>
<tr style="border-style: hidden;">
<td style="width: 29.7583%; height: 10px;"><span style="color: #777777;">Behandlungsdauer:</span></td>
<td style="width: 70.2418%; height: 10px;"><span style="color: #777777;">ca. 30 Minuten</span></td>
</tr>
<tr style="border-style: hidden;">
<td style="width: 29.7583%; height: 10px;"><span style="color: #777777;">Verheildauer:</span></td>
<td style="width: 70.2418%; height: 10px;"><span style="color: #777777;">3 -7 Tage<br /></span></td>
</tr>
<tr style="border-style: hidden;">
<td style="width: 29.7583%; height: 21px;"><span style="color: #777777;">Dauer ohne Sport:</span></td>
<td style="width: 70.2418%; height: 21px;"><span style="color: #777777;">1 Tag<br /></span></td>
</tr>
</tbody>
</table>
<p> </p>
</div></div>
<div class="col medium-6 small-12 large-6"  ><div class="col-inner"  >
<h2 class="uppercase"><a id="termin"></a><span style="color: #777777;">JETZT TERMIN VEREINBAREN</span></h2>
<p>Unsere SpezialistInnen helfen Ihnen im persönlichen Gespräch gerne weiter. Geben Sie uns im Formular gerne Ihre Anliegen oder Bemerkungen an. Ihre Daten werden streng vertraulich behandelt.</p>
<div role="form" class="wpcf7" id="wpcf7-f11901-o1" lang="de-DE" dir="ltr">
<div class="screen-reader-response"><p role="status" aria-live="polite" aria-atomic="true"></p> <ul></ul></div>
<form action="/index.php?rest_route=%2Fwp%2Fv2%2Fpages%2F12117#wpcf7-f11901-o1" method="post" class="wpcf7-form init" novalidate="novalidate" data-status="init">
<div style="display: none;">
<input type="hidden" name="_wpcf7" value="11901" />
<input type="hidden" name="_wpcf7_version" value="5.4" />
<input type="hidden" name="_wpcf7_locale" value="de_DE" />
<input type="hidden" name="_wpcf7_unit_tag" value="wpcf7-f11901-o1" />
<input type="hidden" name="_wpcf7_container_post" value="0" />
<input type="hidden" name="_wpcf7_posted_data_hash" value="" />
<input type="hidden" name="_wpcf7cf_hidden_group_fields" value="[]" />
<input type="hidden" name="_wpcf7cf_hidden_groups" value="[]" />
<input type="hidden" name="_wpcf7cf_visible_groups" value="[]" />
<input type="hidden" name="_wpcf7cf_repeaters" value="[]" />
<input type="hidden" name="_wpcf7cf_steps" value="{}" />
<input type="hidden" name="_wpcf7cf_options" value="{&quot;form_id&quot;:11901,&quot;conditions&quot;:[{&quot;then_field&quot;:&quot;Geburtsdatum&quot;,&quot;and_rules&quot;:[{&quot;if_field&quot;:&quot;menu-946&quot;,&quot;operator&quot;:&quot;equals&quot;,&quot;if_value&quot;:&quot;Ja&quot;}]}],&quot;settings&quot;:{&quot;animation&quot;:&quot;yes&quot;,&quot;animation_intime&quot;:200,&quot;animation_outtime&quot;:200,&quot;conditions_ui&quot;:&quot;normal&quot;,&quot;notice_dismissed&quot;:false,&quot;notice_dismissed_update-cf7-5.4.1&quot;:true,&quot;notice_dismissed_update-cf7-5.6.3&quot;:true,&quot;notice_dismissed_update-cf7-5.7.5.1&quot;:true}}" />
</div>
<p><label> Sind Sie bestehender Patient?<br />
<span class="wpcf7-form-control-wrap menu-946"><select name="menu-946" class="wpcf7-form-control wpcf7-select wpcf7-validates-as-required" aria-required="true" aria-invalid="false"><option value="Nein">Nein</option><option value="Ja">Ja</option></select></span><br />
</label><br />
<label> Ihr Name (*)<br />
    <span class="wpcf7-form-control-wrap your-name"><input type="text" name="your-name" value="" size="40" class="wpcf7-form-control wpcf7-text wpcf7-validates-as-required" aria-required="true" aria-invalid="false" /></span> </label></p>
<p><label> Ihre E-Mail-Adresse (*)<br />
    <span class="wpcf7-form-control-wrap your-email"><input type="email" name="your-email" value="" size="40" class="wpcf7-form-control wpcf7-text wpcf7-email wpcf7-validates-as-required wpcf7-validates-as-email" aria-required="true" aria-invalid="false" /></span> </label></p>
<div data-id="Geburtsdatum" data-orig_data_id="Geburtsdatum"  class="" data-class="wpcf7cf_group"><label>Ihr Geburtsdatum (bei bestehenden Patienten)<br />
<span class="wpcf7-form-control-wrap Geburtsdatum"><input type="date" name="Geburtsdatum" value="" class="wpcf7-form-control wpcf7-date wpcf7-validates-as-required wpcf7-validates-as-date" aria-required="true" aria-invalid="false" /></span></label></div>
<p><label> Betreff<br />
    <span class="wpcf7-form-control-wrap your-subject"><input type="text" name="your-subject" value="" size="40" class="wpcf7-form-control wpcf7-text" aria-invalid="false" /></span> </label></p>
<p><label> Ihre Nachricht<br />
    <span class="wpcf7-form-control-wrap your-message"><textarea name="your-message" cols="40" rows="10" class="wpcf7-form-control wpcf7-textarea" aria-invalid="false"></textarea></span> </label><br />
<span id="wpcf7-69f464bbb9769-wrapper" class="wpcf7-form-control-wrap honey-wrap" style="display:none !important; visibility:hidden !important;"><label for="wpcf7-69f464bbb9769-field" class="hp-message">Bitte lasse dieses Feld leer.</label><input id="wpcf7-69f464bbb9769-field"  class="wpcf7-form-control wpcf7-text" type="text" name="honey" value="" size="40" tabindex="-1" autocomplete="new-password" /></span></p>
<p><input type="submit" value="Senden" class="wpcf7-form-control wpcf7-submit" /></p>
<p>* Pflichtfelder</p>
<div class="wpcf7-response-output" aria-hidden="true"></div></form></div>
</div></div>
</div>
      </div><!-- .section-content -->

      
<style scope="scope">

#section_1279941274 {
  padding-top: 27px;
  padding-bottom: 27px;
  min-height: 300px;
  background-color: #FFD194;
}
</style>
  </section>

<!-- This site is optimized with the Yoast SEO plugin v15.5 - https://yoast.com/wordpress/plugins/seo/ -->
<title>Sonnenflecken, Alterswarzen - Dermacenter AG</title>
<meta name="robots" content="index, follow, max-snippet:-1, max-image-preview:large, max-video-preview:-1" />
<link rel="canonical" href="https://www.dermacenter.ch/?page_id=12117" />
<meta property="og:locale" content="de_DE" />
<meta property="og:type" content="article" />
<meta property="og:title" content="Sonnenflecken, Alterswarzen - Dermacenter AG" />
<meta property="og:url" content="https://www.dermacenter.ch/?page_id=12117" />
<meta property="og:site_name" content="Dermacenter AG" />
<meta property="article:modified_time" content="2021-06-21T21:48:08+00:00" />
<meta name="twitter:card" content="summary_large_image" />
<meta name="twitter:label1" content="Geschätzte Lesezeit">
	<meta name="twitter:data1" content="1 Minute">
<script type="application/ld+json" class="yoast-schema-graph">{"@context":"https://schema.org","@graph":[{"@type":"WebSite","@id":"https://www.dermacenter.ch/#website","url":"https://www.dermacenter.ch/","name":"Dermacenter AG","description":"","potentialAction":[{"@type":"SearchAction","target":"https://www.dermacenter.ch/?s={search_term_string}","query-input":"required name=search_term_string"}],"inLanguage":"de"},{"@type":"WebPage","@id":"https://www.dermacenter.ch/?page_id=12117#webpage","url":"https://www.dermacenter.ch/?page_id=12117","name":"Sonnenflecken, Alterswarzen - Dermacenter AG","isPartOf":{"@id":"https://www.dermacenter.ch/#website"},"datePublished":"2021-06-18T08:22:13+00:00","dateModified":"2021-06-21T21:48:08+00:00","inLanguage":"de","potentialAction":[{"@type":"ReadAction","target":["https://www.dermacenter.ch/?page_id=12117"]}]}]}</script>
<!-- / Yoast SEO plugin. -->
