{"id":12098,"date":"2021-06-18T09:43:05","date_gmt":"2021-06-18T07:43:05","guid":{"rendered":"https:\/\/www.dermacenter.ch\/?page_id=12098"},"modified":"2021-06-21T23:49:11","modified_gmt":"2021-06-21T21:49:11","slug":"muttermale","status":"publish","type":"page","link":"https:\/\/www.dermacenter.ch\/?page_id=12098","title":{"rendered":"Muttermale"},"content":{"rendered":"  <section class=\"section\" id=\"section_1211245730\">\n      <div class=\"bg section-bg fill bg-fill  \" >\n\n        \n        \n        \n        \n        \n        \n\t<div class=\"is-border\"\n\t\tstyle=\"border-color:rgb(235, 235, 235);border-width:1px 0px 0px 0px;\">\n\t<\/div>\n\n      <\/div><!-- .section-bg -->\n\n      <div class=\"section-content relative\">\n        \n      <\/div><!-- .section-content -->\n\n      \n<style scope=\"scope\">\n\n#section_1211245730 {\n  padding-top: 60px;\n  padding-bottom: 60px;\n  min-height: 379px;\n  background-color: rgb(245, 245, 245);\n}\n#section_1211245730 .section-bg.bg-loaded {\n  background-image: url(https:\/\/www.dermacenter.ch\/wp-content\/uploads\/2020\/12\/Pigmentnaevi-Ruecken-scaled.jpg);\n}\n#section_1211245730 .section-bg {\n  background-position: 100% 51%;\n}\n<\/style>\n  <\/section>\n  \n<div class=\"row\"  id=\"row-1314864969\">\n<div class=\"col small-12 large-12\"  ><div class=\"col-inner\"  >\n<h1><strong>MUTTERMALE<\/strong><\/h1>\n<p>Muttermale, Leberflecken, Pigmentmale, was ist der Unterschied? Die Begriffe Muttermal oder Leberfleck sind umgangssprachlich. Der Ausdruck <strong>Muttermal<\/strong> stammt bereits aus dem 16. Jahrhundert, als man annahm, dass die Pigmentmale bei Kindern im Zusammenhang mit der Mutter stehen w\u00fcrden, insbesondere mit deren Schwangerschaft. Der Ausdruck <strong>Leberfleck<\/strong> entstand anscheinend, da man f\u00e4lschlicherweise als Ursache eine Leberfunktionsst\u00f6rung annahm. Eine andere Theorie sagt, der Name Leberfleck sei auf die \u00c4hnlichkeit mit der braunen Farbe der Leber zur\u00fcckzuf\u00fchren. Wir Mediziner sprechen hier von <strong>Pigmentmalen<\/strong>, lateinisch <strong>melanozyt\u00e4re N\u00e4vi<\/strong> (Melanozyt=Pigmentzelle, N\u00e4vus=Mal).<\/p>\n<p>Pigmentmale k\u00f6nnen \u00fcberall am K\u00f6rper, auch auf der Schleimhaut, entstehen. Sie k\u00f6nnen bereits angeboren sein oder sich bei entsprechender Veranlagung neu im Laufe des Lebens auspr\u00e4gen. Wie kommt es zu Pigmentmalen? Man nimmt an, dass sich die Pigmentmale aus der sogenannten Neuralleiste w\u00e4hrend des embryonalen Wachstums entwickeln. Trotzdem sind nur ca. 2 % der Pigmentmale angeboren. Warum ist es wichtig, dass Sie Ihre Pigmentmale kennen? Aus einem Pigmentmal kann ein <strong>schwarzer Hautkrebs<\/strong>, ein Melanom entwickeln. H\u00e4ufiger kommt es vor, dass ein schwarzer Hautkrebs auf zuvor unauff\u00e4lliger Haut entsteht. Allerdings haben Menschen mit mehr als 100 Pigmentmalen ein deutlich h\u00f6heres Risiko, an einem Melanom zu erkranken. Daher ist es wichtig, dass Sie die Merkmale kennen, die ein harmloses Muttermal von einem Melanom unterscheidet, die sog. <strong>ABCD-Regel:<\/strong><\/p>\n<p>A:\u00a0\u00a0\u00a0\u00a0\u00a0 <strong>A<\/strong>symmetrie. Das Melanom ist asymmetrisch.<\/p>\n<p>B:\u00a0\u00a0\u00a0\u00a0\u00a0 <strong>B<\/strong>egrenzung. Das Melanom ist unscharf begrenzt.<\/p>\n<p>C:\u00a0\u00a0\u00a0\u00a0\u00a0 <strong>C<\/strong>olor. Das Melanom ist verschiedenfarbig.<\/p>\n<p>D:\u00a0\u00a0\u00a0\u00a0\u00a0 <strong>D<\/strong>ynamik. Das Melanom ver\u00e4ndert sich in Gr\u00f6sse, Farbe, Form.<\/p>\n<p>E:\u00a0\u00a0\u00a0\u00a0\u00a0 H\u00e4ssliches <strong>E<\/strong>ntlein. Das Melanom sieht anders aus als alle anderen.<\/p>\n<\/div><\/div>\n<\/div>\n  <section class=\"section\" id=\"section_201477157\">\n      <div class=\"bg section-bg fill bg-fill  bg-loaded\" >\n\n        \n        \n        \n        \n        \n        \n\t<div class=\"is-border\"\n\t\tstyle=\"border-color:rgb(235, 235, 235);border-width:1px 0px 0px 0px;\">\n\t<\/div>\n\n      <\/div><!-- .section-bg -->\n\n      <div class=\"section-content relative\">\n        \n<div class=\"row\"  id=\"row-983104873\">\n<div class=\"col small-12 large-12\"  ><div class=\"col-inner\"  >\n<h2 class=\"uppercase\"><a id=\"termin\"><\/a><span style=\"color: #777777;\">JETZT TERMIN VEREINBAREN<\/span><\/h2>\n<p><span style=\"color: #777777;\">Unsere SpezialistInnen helfen Ihnen im pers\u00f6nlichen Gespr\u00e4ch gerne weiter. Geben Sie uns im Formular gerne Ihre Anliegen oder Bemerkungen an. Ihre Daten werden streng vertraulich behandelt.<\/span><\/p>\n<\/div><\/div>\n<\/div>\n<div class=\"row\"  id=\"row-1868185723\">\n<div class=\"col medium-6 small-12 large-6\"  ><div class=\"col-inner\"  >\n<div role=\"form\" class=\"wpcf7\" id=\"wpcf7-f11901-o1\" lang=\"de-DE\" dir=\"ltr\">\n<div class=\"screen-reader-response\"><p role=\"status\" aria-live=\"polite\" aria-atomic=\"true\"><\/p> <ul><\/ul><\/div>\n<form action=\"\/index.php?rest_route=%2Fwp%2Fv2%2Fpages%2F12098#wpcf7-f11901-o1\" method=\"post\" class=\"wpcf7-form init\" novalidate=\"novalidate\" data-status=\"init\">\n<div style=\"display: none;\">\n<input type=\"hidden\" name=\"_wpcf7\" value=\"11901\" \/>\n<input type=\"hidden\" name=\"_wpcf7_version\" value=\"5.4\" \/>\n<input type=\"hidden\" name=\"_wpcf7_locale\" value=\"de_DE\" \/>\n<input type=\"hidden\" name=\"_wpcf7_unit_tag\" value=\"wpcf7-f11901-o1\" \/>\n<input type=\"hidden\" name=\"_wpcf7_container_post\" value=\"0\" \/>\n<input type=\"hidden\" name=\"_wpcf7_posted_data_hash\" value=\"\" \/>\n<input type=\"hidden\" name=\"_wpcf7cf_hidden_group_fields\" value=\"[]\" \/>\n<input type=\"hidden\" name=\"_wpcf7cf_hidden_groups\" value=\"[]\" \/>\n<input type=\"hidden\" name=\"_wpcf7cf_visible_groups\" value=\"[]\" \/>\n<input type=\"hidden\" name=\"_wpcf7cf_repeaters\" value=\"[]\" \/>\n<input type=\"hidden\" name=\"_wpcf7cf_steps\" value=\"{}\" \/>\n<input type=\"hidden\" name=\"_wpcf7cf_options\" value=\"{&quot;form_id&quot;:11901,&quot;conditions&quot;:[{&quot;then_field&quot;:&quot;Geburtsdatum&quot;,&quot;and_rules&quot;:[{&quot;if_field&quot;:&quot;menu-946&quot;,&quot;operator&quot;:&quot;equals&quot;,&quot;if_value&quot;:&quot;Ja&quot;}]}],&quot;settings&quot;:{&quot;animation&quot;:&quot;yes&quot;,&quot;animation_intime&quot;:200,&quot;animation_outtime&quot;:200,&quot;conditions_ui&quot;:&quot;normal&quot;,&quot;notice_dismissed&quot;:false,&quot;notice_dismissed_update-cf7-5.4.1&quot;:true,&quot;notice_dismissed_update-cf7-5.6.3&quot;:true,&quot;notice_dismissed_update-cf7-5.7.5.1&quot;:true}}\" \/>\n<\/div>\n<p><label> Sind Sie bestehender Patient?<br \/>\n<span class=\"wpcf7-form-control-wrap menu-946\"><select name=\"menu-946\" class=\"wpcf7-form-control wpcf7-select wpcf7-validates-as-required\" aria-required=\"true\" aria-invalid=\"false\"><option value=\"Nein\">Nein<\/option><option value=\"Ja\">Ja<\/option><\/select><\/span><br \/>\n<\/label><br \/>\n<label> Ihr Name (*)<br \/>\n    <span class=\"wpcf7-form-control-wrap your-name\"><input type=\"text\" name=\"your-name\" value=\"\" size=\"40\" class=\"wpcf7-form-control wpcf7-text wpcf7-validates-as-required\" aria-required=\"true\" aria-invalid=\"false\" \/><\/span> <\/label><\/p>\n<p><label> Ihre E-Mail-Adresse (*)<br \/>\n    <span class=\"wpcf7-form-control-wrap your-email\"><input type=\"email\" name=\"your-email\" value=\"\" size=\"40\" class=\"wpcf7-form-control wpcf7-text wpcf7-email wpcf7-validates-as-required wpcf7-validates-as-email\" aria-required=\"true\" aria-invalid=\"false\" \/><\/span> <\/label><\/p>\n<div data-id=\"Geburtsdatum\" data-orig_data_id=\"Geburtsdatum\"  class=\"\" data-class=\"wpcf7cf_group\"><label>Ihr Geburtsdatum (bei bestehenden Patienten)<br \/>\n<span class=\"wpcf7-form-control-wrap Geburtsdatum\"><input type=\"date\" name=\"Geburtsdatum\" value=\"\" class=\"wpcf7-form-control wpcf7-date wpcf7-validates-as-required wpcf7-validates-as-date\" aria-required=\"true\" aria-invalid=\"false\" \/><\/span><\/label><\/div>\n<p><label> Betreff<br \/>\n    <span class=\"wpcf7-form-control-wrap your-subject\"><input type=\"text\" name=\"your-subject\" value=\"\" size=\"40\" class=\"wpcf7-form-control wpcf7-text\" aria-invalid=\"false\" \/><\/span> <\/label><\/p>\n<p><label> Ihre Nachricht<br \/>\n    <span class=\"wpcf7-form-control-wrap your-message\"><textarea name=\"your-message\" cols=\"40\" rows=\"10\" class=\"wpcf7-form-control wpcf7-textarea\" aria-invalid=\"false\"><\/textarea><\/span> <\/label><br \/>\n<span id=\"wpcf7-69f4652214257-wrapper\" class=\"wpcf7-form-control-wrap honey-wrap\" style=\"display:none !important; visibility:hidden !important;\"><label for=\"wpcf7-69f4652214257-field\" class=\"hp-message\">Bitte lasse dieses Feld leer.<\/label><input id=\"wpcf7-69f4652214257-field\"  class=\"wpcf7-form-control wpcf7-text\" type=\"text\" name=\"honey\" value=\"\" size=\"40\" tabindex=\"-1\" autocomplete=\"new-password\" \/><\/span><\/p>\n<p><input type=\"submit\" value=\"Senden\" class=\"wpcf7-form-control wpcf7-submit\" \/><\/p>\n<p>* Pflichtfelder<\/p>\n<div class=\"wpcf7-response-output\" aria-hidden=\"true\"><\/div><\/form><\/div>\n<\/div><\/div>\n<div class=\"col medium-6 small-12 large-6\"  ><div class=\"col-inner\"  >\n<\/div><\/div>\n<\/div>\n      <\/div><!-- .section-content -->\n\n      \n<style scope=\"scope\">\n\n#section_201477157 {\n  padding-top: 60px;\n  padding-bottom: 60px;\n  min-height: 300px;\n  background-color: #FFD194;\n}\n<\/style>\n  <\/section>\n  \n","protected":false},"excerpt":{"rendered":"","protected":false},"author":1,"featured_media":0,"parent":10357,"menu_order":0,"comment_status":"closed","ping_status":"closed","template":"page-blank.php","meta":[],"yoast_head":"<!-- This site is optimized with the Yoast SEO plugin v15.5 - https:\/\/yoast.com\/wordpress\/plugins\/seo\/ -->\n<title>Muttermale - Dermacenter AG<\/title>\n<meta name=\"robots\" content=\"index, follow, max-snippet:-1, max-image-preview:large, max-video-preview:-1\" \/>\n<link rel=\"canonical\" href=\"https:\/\/www.dermacenter.ch\/?page_id=12098\" \/>\n<meta property=\"og:locale\" content=\"de_DE\" \/>\n<meta property=\"og:type\" content=\"article\" \/>\n<meta property=\"og:title\" content=\"Muttermale - Dermacenter AG\" \/>\n<meta property=\"og:url\" content=\"https:\/\/www.dermacenter.ch\/?page_id=12098\" \/>\n<meta property=\"og:site_name\" content=\"Dermacenter AG\" \/>\n<meta property=\"article:modified_time\" content=\"2021-06-21T21:49:11+00:00\" \/>\n<meta name=\"twitter:card\" content=\"summary_large_image\" \/>\n<meta name=\"twitter:label1\" content=\"Gesch\u00e4tzte Lesezeit\">\n\t<meta name=\"twitter:data1\" content=\"1\u00a0Minute\">\n<script type=\"application\/ld+json\" class=\"yoast-schema-graph\">{\"@context\":\"https:\/\/schema.org\",\"@graph\":[{\"@type\":\"WebSite\",\"@id\":\"https:\/\/www.dermacenter.ch\/#website\",\"url\":\"https:\/\/www.dermacenter.ch\/\",\"name\":\"Dermacenter AG\",\"description\":\"\",\"potentialAction\":[{\"@type\":\"SearchAction\",\"target\":\"https:\/\/www.dermacenter.ch\/?s={search_term_string}\",\"query-input\":\"required name=search_term_string\"}],\"inLanguage\":\"de\"},{\"@type\":\"WebPage\",\"@id\":\"https:\/\/www.dermacenter.ch\/?page_id=12098#webpage\",\"url\":\"https:\/\/www.dermacenter.ch\/?page_id=12098\",\"name\":\"Muttermale - Dermacenter AG\",\"isPartOf\":{\"@id\":\"https:\/\/www.dermacenter.ch\/#website\"},\"datePublished\":\"2021-06-18T07:43:05+00:00\",\"dateModified\":\"2021-06-21T21:49:11+00:00\",\"inLanguage\":\"de\",\"potentialAction\":[{\"@type\":\"ReadAction\",\"target\":[\"https:\/\/www.dermacenter.ch\/?page_id=12098\"]}]}]}<\/script>\n<!-- \/ Yoast SEO plugin. -->","_links":{"self":[{"href":"https:\/\/www.dermacenter.ch\/index.php?rest_route=\/wp\/v2\/pages\/12098"}],"collection":[{"href":"https:\/\/www.dermacenter.ch\/index.php?rest_route=\/wp\/v2\/pages"}],"about":[{"href":"https:\/\/www.dermacenter.ch\/index.php?rest_route=\/wp\/v2\/types\/page"}],"author":[{"embeddable":true,"href":"https:\/\/www.dermacenter.ch\/index.php?rest_route=\/wp\/v2\/users\/1"}],"replies":[{"embeddable":true,"href":"https:\/\/www.dermacenter.ch\/index.php?rest_route=%2Fwp%2Fv2%2Fcomments&post=12098"}],"version-history":[{"count":2,"href":"https:\/\/www.dermacenter.ch\/index.php?rest_route=\/wp\/v2\/pages\/12098\/revisions"}],"predecessor-version":[{"id":12203,"href":"https:\/\/www.dermacenter.ch\/index.php?rest_route=\/wp\/v2\/pages\/12098\/revisions\/12203"}],"up":[{"embeddable":true,"href":"https:\/\/www.dermacenter.ch\/index.php?rest_route=\/wp\/v2\/pages\/10357"}],"wp:attachment":[{"href":"https:\/\/www.dermacenter.ch\/index.php?rest_route=%2Fwp%2Fv2%2Fmedia&parent=12098"}],"curies":[{"name":"wp","href":"https:\/\/api.w.org\/{rel}","templated":true}]}}

<section class="section" id="section_1211245730">
      <div class="bg section-bg fill bg-fill  " >

        
        
        
        
        
        
	<div class="is-border"
		style="border-color:rgb(235, 235, 235);border-width:1px 0px 0px 0px;">
	</div>

      </div><!-- .section-bg -->

      <div class="section-content relative">
        
      </div><!-- .section-content -->

      
<style scope="scope">

#section_1211245730 {
  padding-top: 60px;
  padding-bottom: 60px;
  min-height: 379px;
  background-color: rgb(245, 245, 245);
}
#section_1211245730 .section-bg.bg-loaded {
  background-image: url(https://www.dermacenter.ch/wp-content/uploads/2020/12/Pigmentnaevi-Ruecken-scaled.jpg);
}
#section_1211245730 .section-bg {
  background-position: 100% 51%;
}
</style>
  </section>
  
<div class="row"  id="row-1314864969">
<div class="col small-12 large-12"  ><div class="col-inner"  >
<h1><strong>MUTTERMALE</strong></h1>
<p>Muttermale, Leberflecken, Pigmentmale, was ist der Unterschied? Die Begriffe Muttermal oder Leberfleck sind umgangssprachlich. Der Ausdruck <strong>Muttermal</strong> stammt bereits aus dem 16. Jahrhundert, als man annahm, dass die Pigmentmale bei Kindern im Zusammenhang mit der Mutter stehen würden, insbesondere mit deren Schwangerschaft. Der Ausdruck <strong>Leberfleck</strong> entstand anscheinend, da man fälschlicherweise als Ursache eine Leberfunktionsstörung annahm. Eine andere Theorie sagt, der Name Leberfleck sei auf die Ähnlichkeit mit der braunen Farbe der Leber zurückzuführen. Wir Mediziner sprechen hier von <strong>Pigmentmalen</strong>, lateinisch <strong>melanozytäre Nävi</strong> (Melanozyt=Pigmentzelle, Nävus=Mal).</p>
<p>Pigmentmale können überall am Körper, auch auf der Schleimhaut, entstehen. Sie können bereits angeboren sein oder sich bei entsprechender Veranlagung neu im Laufe des Lebens ausprägen. Wie kommt es zu Pigmentmalen? Man nimmt an, dass sich die Pigmentmale aus der sogenannten Neuralleiste während des embryonalen Wachstums entwickeln. Trotzdem sind nur ca. 2 % der Pigmentmale angeboren. Warum ist es wichtig, dass Sie Ihre Pigmentmale kennen? Aus einem Pigmentmal kann ein <strong>schwarzer Hautkrebs</strong>, ein Melanom entwickeln. Häufiger kommt es vor, dass ein schwarzer Hautkrebs auf zuvor unauffälliger Haut entsteht. Allerdings haben Menschen mit mehr als 100 Pigmentmalen ein deutlich höheres Risiko, an einem Melanom zu erkranken. Daher ist es wichtig, dass Sie die Merkmale kennen, die ein harmloses Muttermal von einem Melanom unterscheidet, die sog. <strong>ABCD-Regel:</strong></p>
<p>A:      <strong>A</strong>symmetrie. Das Melanom ist asymmetrisch.</p>
<p>B:      <strong>B</strong>egrenzung. Das Melanom ist unscharf begrenzt.</p>
<p>C:      <strong>C</strong>olor. Das Melanom ist verschiedenfarbig.</p>
<p>D:      <strong>D</strong>ynamik. Das Melanom verändert sich in Grösse, Farbe, Form.</p>
<p>E:      Hässliches <strong>E</strong>ntlein. Das Melanom sieht anders aus als alle anderen.</p>
</div></div>
</div>
  <section class="section" id="section_201477157">
      <div class="bg section-bg fill bg-fill  bg-loaded" >

        
        
        
        
        
        
	<div class="is-border"
		style="border-color:rgb(235, 235, 235);border-width:1px 0px 0px 0px;">
	</div>

      </div><!-- .section-bg -->

      <div class="section-content relative">
        
<div class="row"  id="row-983104873">
<div class="col small-12 large-12"  ><div class="col-inner"  >
<h2 class="uppercase"><a id="termin"></a><span style="color: #777777;">JETZT TERMIN VEREINBAREN</span></h2>
<p><span style="color: #777777;">Unsere SpezialistInnen helfen Ihnen im persönlichen Gespräch gerne weiter. Geben Sie uns im Formular gerne Ihre Anliegen oder Bemerkungen an. Ihre Daten werden streng vertraulich behandelt.</span></p>
</div></div>
</div>
<div class="row"  id="row-1868185723">
<div class="col medium-6 small-12 large-6"  ><div class="col-inner"  >
<div role="form" class="wpcf7" id="wpcf7-f11901-o1" lang="de-DE" dir="ltr">
<div class="screen-reader-response"><p role="status" aria-live="polite" aria-atomic="true"></p> <ul></ul></div>
<form action="/index.php?rest_route=%2Fwp%2Fv2%2Fpages%2F12098#wpcf7-f11901-o1" method="post" class="wpcf7-form init" novalidate="novalidate" data-status="init">
<div style="display: none;">
<input type="hidden" name="_wpcf7" value="11901" />
<input type="hidden" name="_wpcf7_version" value="5.4" />
<input type="hidden" name="_wpcf7_locale" value="de_DE" />
<input type="hidden" name="_wpcf7_unit_tag" value="wpcf7-f11901-o1" />
<input type="hidden" name="_wpcf7_container_post" value="0" />
<input type="hidden" name="_wpcf7_posted_data_hash" value="" />
<input type="hidden" name="_wpcf7cf_hidden_group_fields" value="[]" />
<input type="hidden" name="_wpcf7cf_hidden_groups" value="[]" />
<input type="hidden" name="_wpcf7cf_visible_groups" value="[]" />
<input type="hidden" name="_wpcf7cf_repeaters" value="[]" />
<input type="hidden" name="_wpcf7cf_steps" value="{}" />
<input type="hidden" name="_wpcf7cf_options" value="{&quot;form_id&quot;:11901,&quot;conditions&quot;:[{&quot;then_field&quot;:&quot;Geburtsdatum&quot;,&quot;and_rules&quot;:[{&quot;if_field&quot;:&quot;menu-946&quot;,&quot;operator&quot;:&quot;equals&quot;,&quot;if_value&quot;:&quot;Ja&quot;}]}],&quot;settings&quot;:{&quot;animation&quot;:&quot;yes&quot;,&quot;animation_intime&quot;:200,&quot;animation_outtime&quot;:200,&quot;conditions_ui&quot;:&quot;normal&quot;,&quot;notice_dismissed&quot;:false,&quot;notice_dismissed_update-cf7-5.4.1&quot;:true,&quot;notice_dismissed_update-cf7-5.6.3&quot;:true,&quot;notice_dismissed_update-cf7-5.7.5.1&quot;:true}}" />
</div>
<p><label> Sind Sie bestehender Patient?<br />
<span class="wpcf7-form-control-wrap menu-946"><select name="menu-946" class="wpcf7-form-control wpcf7-select wpcf7-validates-as-required" aria-required="true" aria-invalid="false"><option value="Nein">Nein</option><option value="Ja">Ja</option></select></span><br />
</label><br />
<label> Ihr Name (*)<br />
    <span class="wpcf7-form-control-wrap your-name"><input type="text" name="your-name" value="" size="40" class="wpcf7-form-control wpcf7-text wpcf7-validates-as-required" aria-required="true" aria-invalid="false" /></span> </label></p>
<p><label> Ihre E-Mail-Adresse (*)<br />
    <span class="wpcf7-form-control-wrap your-email"><input type="email" name="your-email" value="" size="40" class="wpcf7-form-control wpcf7-text wpcf7-email wpcf7-validates-as-required wpcf7-validates-as-email" aria-required="true" aria-invalid="false" /></span> </label></p>
<div data-id="Geburtsdatum" data-orig_data_id="Geburtsdatum"  class="" data-class="wpcf7cf_group"><label>Ihr Geburtsdatum (bei bestehenden Patienten)<br />
<span class="wpcf7-form-control-wrap Geburtsdatum"><input type="date" name="Geburtsdatum" value="" class="wpcf7-form-control wpcf7-date wpcf7-validates-as-required wpcf7-validates-as-date" aria-required="true" aria-invalid="false" /></span></label></div>
<p><label> Betreff<br />
    <span class="wpcf7-form-control-wrap your-subject"><input type="text" name="your-subject" value="" size="40" class="wpcf7-form-control wpcf7-text" aria-invalid="false" /></span> </label></p>
<p><label> Ihre Nachricht<br />
    <span class="wpcf7-form-control-wrap your-message"><textarea name="your-message" cols="40" rows="10" class="wpcf7-form-control wpcf7-textarea" aria-invalid="false"></textarea></span> </label><br />
<span id="wpcf7-69f4652214257-wrapper" class="wpcf7-form-control-wrap honey-wrap" style="display:none !important; visibility:hidden !important;"><label for="wpcf7-69f4652214257-field" class="hp-message">Bitte lasse dieses Feld leer.</label><input id="wpcf7-69f4652214257-field"  class="wpcf7-form-control wpcf7-text" type="text" name="honey" value="" size="40" tabindex="-1" autocomplete="new-password" /></span></p>
<p><input type="submit" value="Senden" class="wpcf7-form-control wpcf7-submit" /></p>
<p>* Pflichtfelder</p>
<div class="wpcf7-response-output" aria-hidden="true"></div></form></div>
</div></div>
<div class="col medium-6 small-12 large-6"  ><div class="col-inner"  >
</div></div>
</div>
      </div><!-- .section-content -->

      
<style scope="scope">

#section_201477157 {
  padding-top: 60px;
  padding-bottom: 60px;
  min-height: 300px;
  background-color: #FFD194;
}
</style>
  </section>

<!-- This site is optimized with the Yoast SEO plugin v15.5 - https://yoast.com/wordpress/plugins/seo/ -->
<title>Muttermale - Dermacenter AG</title>
<meta name="robots" content="index, follow, max-snippet:-1, max-image-preview:large, max-video-preview:-1" />
<link rel="canonical" href="https://www.dermacenter.ch/?page_id=12098" />
<meta property="og:locale" content="de_DE" />
<meta property="og:type" content="article" />
<meta property="og:title" content="Muttermale - Dermacenter AG" />
<meta property="og:url" content="https://www.dermacenter.ch/?page_id=12098" />
<meta property="og:site_name" content="Dermacenter AG" />
<meta property="article:modified_time" content="2021-06-21T21:49:11+00:00" />
<meta name="twitter:card" content="summary_large_image" />
<meta name="twitter:label1" content="Geschätzte Lesezeit">
	<meta name="twitter:data1" content="1 Minute">
<script type="application/ld+json" class="yoast-schema-graph">{"@context":"https://schema.org","@graph":[{"@type":"WebSite","@id":"https://www.dermacenter.ch/#website","url":"https://www.dermacenter.ch/","name":"Dermacenter AG","description":"","potentialAction":[{"@type":"SearchAction","target":"https://www.dermacenter.ch/?s={search_term_string}","query-input":"required name=search_term_string"}],"inLanguage":"de"},{"@type":"WebPage","@id":"https://www.dermacenter.ch/?page_id=12098#webpage","url":"https://www.dermacenter.ch/?page_id=12098","name":"Muttermale - Dermacenter AG","isPartOf":{"@id":"https://www.dermacenter.ch/#website"},"datePublished":"2021-06-18T07:43:05+00:00","dateModified":"2021-06-21T21:49:11+00:00","inLanguage":"de","potentialAction":[{"@type":"ReadAction","target":["https://www.dermacenter.ch/?page_id=12098"]}]}]}</script>
<!-- / Yoast SEO plugin. -->
