{"id":12088,"date":"2021-06-18T09:22:23","date_gmt":"2021-06-18T07:22:23","guid":{"rendered":"https:\/\/www.dermacenter.ch\/?page_id=12088"},"modified":"2021-06-21T22:31:13","modified_gmt":"2021-06-21T20:31:13","slug":"videosprechstunde","status":"publish","type":"page","link":"https:\/\/www.dermacenter.ch\/?page_id=12088","title":{"rendered":"Videosprechstunde"},"content":{"rendered":"  <section class=\"section\" id=\"section_403725131\">\n      <div class=\"bg section-bg fill bg-fill  \" >\n\n        \n        \n        \n        \n        \n        \n\t<div class=\"is-border\"\n\t\tstyle=\"border-color:rgb(235, 235, 235);border-width:1px 0px 0px 0px;\">\n\t<\/div>\n\n      <\/div><!-- .section-bg -->\n\n      <div class=\"section-content relative\">\n        \n      <\/div><!-- .section-content -->\n\n      \n<style scope=\"scope\">\n\n#section_403725131 {\n  padding-top: 60px;\n  padding-bottom: 60px;\n  min-height: 379px;\n  background-color: rgb(245, 245, 245);\n}\n#section_403725131 .section-bg.bg-loaded {\n  background-image: url(https:\/\/www.dermacenter.ch\/wp-content\/uploads\/2020\/10\/pexels-mikael-blomkvist-4152969.jpg);\n}\n#section_403725131 .section-bg {\n  background-position: 100% 40%;\n}\n<\/style>\n  <\/section>\n  \n<div class=\"row\"  id=\"row-1784695922\">\n<div class=\"col small-12 large-12\"  ><div class=\"col-inner\"  >\n<h1><strong>VIDEOSPRECHSTUNDE<\/strong><\/h1>\n<p>F\u00fcr diejenigen Patienten, welche sich nicht so einfach zu einer Konsultation vorstellen k\u00f6nnen, aus welchen Gr\u00fcnden auch immer, haben wir im Dermacenter eine <strong>Videosprechstunde<\/strong> etabliert. Sie vereinbaren einen Konsultationstermin, wie bisher einen Termin in der Sprechstunde. Aber an Stelle des Praxisbesuchs sitzen Sie zu Hause mit Ihrem Smart Phone oder PC und k\u00f6nnen, selbstverst\u00e4ndlich \u00fcber eine gesicherte Verbindung, im Rahmen einer Videokonsultation Ihr Hautproblem schildern und vor allem auch zeigen. Sie m\u00fcssen dazu nicht \u00fcber besondere PC-Kenntnisse oder spezielle PC-Einrichtungen verf\u00fcgen. Nat\u00fcrlich sind Online Sprechstunden <strong>auch per E-Mail<\/strong> m\u00f6glich. In diesem Falle ist es sinnvoll, wenn Sie eine Fotodokumentation des Hautproblems, z.B. mit dem Smart Phone, vornehmen und uns die Bilder zusenden. Anschliessend kann dieses Bildmaterial von unseren Dermatologen analysiert werden. Diese neue Art der Kommunikation kann beispielsweise auch dazu genutzt werden, um eine <strong>Zweitmeinung<\/strong> einzuholen, sofern dies sinnvoll erscheint. Spezialf\u00e4lle k\u00f6nnen gegebenenfalls auch im Rahmen einer <strong>Dermacenter Team Visite<\/strong> gemeinsam mit den Fach\u00e4rzten besprochen werden.<\/p>\n<p>Unsere Dermacenter Videosprechstunde wird zur Zeit der <strong>Corona Pandemie<\/strong>, in der man gerne auch vieles von zu Hause aus erledigt, nat\u00fcrlich besonders gesch\u00e4tzt.<\/p>\n<\/div><\/div>\n<\/div>\n  <section class=\"section\" id=\"section_143466856\">\n      <div class=\"bg section-bg fill bg-fill  bg-loaded\" >\n\n        \n        \n        \n        \n        \n        \n\t<div class=\"is-border\"\n\t\tstyle=\"border-color:rgb(235, 235, 235);border-width:1px 0px 0px 0px;\">\n\t<\/div>\n\n      <\/div><!-- .section-bg -->\n\n      <div class=\"section-content relative\">\n        \n<div class=\"row\"  id=\"row-205280352\">\n<div class=\"col small-12 large-12\"  ><div class=\"col-inner\"  >\n<h2 class=\"uppercase\"><a id=\"termin\"><\/a><span style=\"color: #777777;\">JETZT TERMIN VEREINBAREN<\/span><\/h2>\n<p><span style=\"color: #777777;\">Unsere SpezialistInnen helfen Ihnen im pers\u00f6nlichen Gespr\u00e4ch gerne weiter. Geben Sie uns im Formular gerne Ihre Anliegen oder Bemerkungen an. Ihre Daten werden streng vertraulich behandelt.<\/span><\/p>\n<\/div><\/div>\n<\/div>\n<div class=\"row\"  id=\"row-2055460665\">\n<div class=\"col medium-6 small-12 large-6\"  ><div class=\"col-inner\"  >\n<div role=\"form\" class=\"wpcf7\" id=\"wpcf7-f11901-o1\" lang=\"de-DE\" dir=\"ltr\">\n<div class=\"screen-reader-response\"><p role=\"status\" aria-live=\"polite\" aria-atomic=\"true\"><\/p> <ul><\/ul><\/div>\n<form action=\"\/index.php?rest_route=%2Fwp%2Fv2%2Fpages%2F12088#wpcf7-f11901-o1\" method=\"post\" class=\"wpcf7-form init\" novalidate=\"novalidate\" data-status=\"init\">\n<div style=\"display: none;\">\n<input type=\"hidden\" name=\"_wpcf7\" value=\"11901\" \/>\n<input type=\"hidden\" name=\"_wpcf7_version\" value=\"5.4\" \/>\n<input type=\"hidden\" name=\"_wpcf7_locale\" value=\"de_DE\" \/>\n<input type=\"hidden\" name=\"_wpcf7_unit_tag\" value=\"wpcf7-f11901-o1\" \/>\n<input type=\"hidden\" name=\"_wpcf7_container_post\" value=\"0\" \/>\n<input type=\"hidden\" name=\"_wpcf7_posted_data_hash\" value=\"\" \/>\n<input type=\"hidden\" name=\"_wpcf7cf_hidden_group_fields\" value=\"[]\" \/>\n<input type=\"hidden\" name=\"_wpcf7cf_hidden_groups\" value=\"[]\" \/>\n<input type=\"hidden\" name=\"_wpcf7cf_visible_groups\" value=\"[]\" \/>\n<input type=\"hidden\" name=\"_wpcf7cf_repeaters\" value=\"[]\" \/>\n<input type=\"hidden\" name=\"_wpcf7cf_steps\" value=\"{}\" \/>\n<input type=\"hidden\" name=\"_wpcf7cf_options\" value=\"{&quot;form_id&quot;:11901,&quot;conditions&quot;:[{&quot;then_field&quot;:&quot;Geburtsdatum&quot;,&quot;and_rules&quot;:[{&quot;if_field&quot;:&quot;menu-946&quot;,&quot;operator&quot;:&quot;equals&quot;,&quot;if_value&quot;:&quot;Ja&quot;}]}],&quot;settings&quot;:{&quot;animation&quot;:&quot;yes&quot;,&quot;animation_intime&quot;:200,&quot;animation_outtime&quot;:200,&quot;conditions_ui&quot;:&quot;normal&quot;,&quot;notice_dismissed&quot;:false,&quot;notice_dismissed_update-cf7-5.4.1&quot;:true,&quot;notice_dismissed_update-cf7-5.6.3&quot;:true,&quot;notice_dismissed_update-cf7-5.7.5.1&quot;:true}}\" \/>\n<\/div>\n<p><label> Sind Sie bestehender Patient?<br \/>\n<span class=\"wpcf7-form-control-wrap menu-946\"><select name=\"menu-946\" class=\"wpcf7-form-control wpcf7-select wpcf7-validates-as-required\" aria-required=\"true\" aria-invalid=\"false\"><option value=\"Nein\">Nein<\/option><option value=\"Ja\">Ja<\/option><\/select><\/span><br \/>\n<\/label><br \/>\n<label> Ihr Name (*)<br \/>\n    <span class=\"wpcf7-form-control-wrap your-name\"><input type=\"text\" name=\"your-name\" value=\"\" size=\"40\" class=\"wpcf7-form-control wpcf7-text wpcf7-validates-as-required\" aria-required=\"true\" aria-invalid=\"false\" \/><\/span> <\/label><\/p>\n<p><label> Ihre E-Mail-Adresse (*)<br \/>\n    <span class=\"wpcf7-form-control-wrap your-email\"><input type=\"email\" name=\"your-email\" value=\"\" size=\"40\" class=\"wpcf7-form-control wpcf7-text wpcf7-email wpcf7-validates-as-required wpcf7-validates-as-email\" aria-required=\"true\" aria-invalid=\"false\" \/><\/span> <\/label><\/p>\n<div data-id=\"Geburtsdatum\" data-orig_data_id=\"Geburtsdatum\"  class=\"\" data-class=\"wpcf7cf_group\"><label>Ihr Geburtsdatum (bei bestehenden Patienten)<br \/>\n<span class=\"wpcf7-form-control-wrap Geburtsdatum\"><input type=\"date\" name=\"Geburtsdatum\" value=\"\" class=\"wpcf7-form-control wpcf7-date wpcf7-validates-as-required wpcf7-validates-as-date\" aria-required=\"true\" aria-invalid=\"false\" \/><\/span><\/label><\/div>\n<p><label> Betreff<br \/>\n    <span class=\"wpcf7-form-control-wrap your-subject\"><input type=\"text\" name=\"your-subject\" value=\"\" size=\"40\" class=\"wpcf7-form-control wpcf7-text\" aria-invalid=\"false\" \/><\/span> <\/label><\/p>\n<p><label> Ihre Nachricht<br \/>\n    <span class=\"wpcf7-form-control-wrap your-message\"><textarea name=\"your-message\" cols=\"40\" rows=\"10\" class=\"wpcf7-form-control wpcf7-textarea\" aria-invalid=\"false\"><\/textarea><\/span> <\/label><br \/>\n<span id=\"wpcf7-69f467845de0d-wrapper\" class=\"wpcf7-form-control-wrap honey-wrap\" style=\"display:none !important; visibility:hidden !important;\"><label for=\"wpcf7-69f467845de0d-field\" class=\"hp-message\">Bitte lasse dieses Feld leer.<\/label><input id=\"wpcf7-69f467845de0d-field\"  class=\"wpcf7-form-control wpcf7-text\" type=\"text\" name=\"honey\" value=\"\" size=\"40\" tabindex=\"-1\" autocomplete=\"new-password\" \/><\/span><\/p>\n<p><input type=\"submit\" value=\"Senden\" class=\"wpcf7-form-control wpcf7-submit\" \/><\/p>\n<p>* Pflichtfelder<\/p>\n<div class=\"wpcf7-response-output\" aria-hidden=\"true\"><\/div><\/form><\/div>\n<\/div><\/div>\n<div class=\"col medium-6 small-12 large-6\"  ><div class=\"col-inner\"  >\n<\/div><\/div>\n<\/div>\n      <\/div><!-- .section-content -->\n\n      \n<style scope=\"scope\">\n\n#section_143466856 {\n  padding-top: 60px;\n  padding-bottom: 60px;\n  min-height: 300px;\n  background-color: #FFD194;\n}\n<\/style>\n  <\/section>\n  \n","protected":false},"excerpt":{"rendered":"","protected":false},"author":1,"featured_media":0,"parent":8169,"menu_order":0,"comment_status":"closed","ping_status":"closed","template":"page-blank.php","meta":[],"yoast_head":"<!-- This site is optimized with the Yoast SEO plugin v15.5 - https:\/\/yoast.com\/wordpress\/plugins\/seo\/ -->\n<title>Videosprechstunde - Dermacenter AG<\/title>\n<meta name=\"robots\" content=\"index, follow, max-snippet:-1, max-image-preview:large, max-video-preview:-1\" \/>\n<link rel=\"canonical\" href=\"https:\/\/www.dermacenter.ch\/?page_id=12088\" \/>\n<meta property=\"og:locale\" content=\"de_DE\" \/>\n<meta property=\"og:type\" content=\"article\" \/>\n<meta property=\"og:title\" content=\"Videosprechstunde - Dermacenter AG\" \/>\n<meta property=\"og:url\" content=\"https:\/\/www.dermacenter.ch\/?page_id=12088\" \/>\n<meta property=\"og:site_name\" content=\"Dermacenter AG\" \/>\n<meta property=\"article:modified_time\" content=\"2021-06-21T20:31:13+00:00\" \/>\n<meta name=\"twitter:card\" content=\"summary_large_image\" \/>\n<meta name=\"twitter:label1\" content=\"Gesch\u00e4tzte Lesezeit\">\n\t<meta name=\"twitter:data1\" content=\"1\u00a0Minute\">\n<script type=\"application\/ld+json\" class=\"yoast-schema-graph\">{\"@context\":\"https:\/\/schema.org\",\"@graph\":[{\"@type\":\"WebSite\",\"@id\":\"https:\/\/www.dermacenter.ch\/#website\",\"url\":\"https:\/\/www.dermacenter.ch\/\",\"name\":\"Dermacenter AG\",\"description\":\"\",\"potentialAction\":[{\"@type\":\"SearchAction\",\"target\":\"https:\/\/www.dermacenter.ch\/?s={search_term_string}\",\"query-input\":\"required name=search_term_string\"}],\"inLanguage\":\"de\"},{\"@type\":\"WebPage\",\"@id\":\"https:\/\/www.dermacenter.ch\/?page_id=12088#webpage\",\"url\":\"https:\/\/www.dermacenter.ch\/?page_id=12088\",\"name\":\"Videosprechstunde - Dermacenter AG\",\"isPartOf\":{\"@id\":\"https:\/\/www.dermacenter.ch\/#website\"},\"datePublished\":\"2021-06-18T07:22:23+00:00\",\"dateModified\":\"2021-06-21T20:31:13+00:00\",\"inLanguage\":\"de\",\"potentialAction\":[{\"@type\":\"ReadAction\",\"target\":[\"https:\/\/www.dermacenter.ch\/?page_id=12088\"]}]}]}<\/script>\n<!-- \/ Yoast SEO plugin. -->","_links":{"self":[{"href":"https:\/\/www.dermacenter.ch\/index.php?rest_route=\/wp\/v2\/pages\/12088"}],"collection":[{"href":"https:\/\/www.dermacenter.ch\/index.php?rest_route=\/wp\/v2\/pages"}],"about":[{"href":"https:\/\/www.dermacenter.ch\/index.php?rest_route=\/wp\/v2\/types\/page"}],"author":[{"embeddable":true,"href":"https:\/\/www.dermacenter.ch\/index.php?rest_route=\/wp\/v2\/users\/1"}],"replies":[{"embeddable":true,"href":"https:\/\/www.dermacenter.ch\/index.php?rest_route=%2Fwp%2Fv2%2Fcomments&post=12088"}],"version-history":[{"count":3,"href":"https:\/\/www.dermacenter.ch\/index.php?rest_route=\/wp\/v2\/pages\/12088\/revisions"}],"predecessor-version":[{"id":12194,"href":"https:\/\/www.dermacenter.ch\/index.php?rest_route=\/wp\/v2\/pages\/12088\/revisions\/12194"}],"up":[{"embeddable":true,"href":"https:\/\/www.dermacenter.ch\/index.php?rest_route=\/wp\/v2\/pages\/8169"}],"wp:attachment":[{"href":"https:\/\/www.dermacenter.ch\/index.php?rest_route=%2Fwp%2Fv2%2Fmedia&parent=12088"}],"curies":[{"name":"wp","href":"https:\/\/api.w.org\/{rel}","templated":true}]}}

<section class="section" id="section_403725131">
      <div class="bg section-bg fill bg-fill  " >

        
        
        
        
        
        
	<div class="is-border"
		style="border-color:rgb(235, 235, 235);border-width:1px 0px 0px 0px;">
	</div>

      </div><!-- .section-bg -->

      <div class="section-content relative">
        
      </div><!-- .section-content -->

      
<style scope="scope">

#section_403725131 {
  padding-top: 60px;
  padding-bottom: 60px;
  min-height: 379px;
  background-color: rgb(245, 245, 245);
}
#section_403725131 .section-bg.bg-loaded {
  background-image: url(https://www.dermacenter.ch/wp-content/uploads/2020/10/pexels-mikael-blomkvist-4152969.jpg);
}
#section_403725131 .section-bg {
  background-position: 100% 40%;
}
</style>
  </section>
  
<div class="row"  id="row-1784695922">
<div class="col small-12 large-12"  ><div class="col-inner"  >
<h1><strong>VIDEOSPRECHSTUNDE</strong></h1>
<p>Für diejenigen Patienten, welche sich nicht so einfach zu einer Konsultation vorstellen können, aus welchen Gründen auch immer, haben wir im Dermacenter eine <strong>Videosprechstunde</strong> etabliert. Sie vereinbaren einen Konsultationstermin, wie bisher einen Termin in der Sprechstunde. Aber an Stelle des Praxisbesuchs sitzen Sie zu Hause mit Ihrem Smart Phone oder PC und können, selbstverständlich über eine gesicherte Verbindung, im Rahmen einer Videokonsultation Ihr Hautproblem schildern und vor allem auch zeigen. Sie müssen dazu nicht über besondere PC-Kenntnisse oder spezielle PC-Einrichtungen verfügen. Natürlich sind Online Sprechstunden <strong>auch per E-Mail</strong> möglich. In diesem Falle ist es sinnvoll, wenn Sie eine Fotodokumentation des Hautproblems, z.B. mit dem Smart Phone, vornehmen und uns die Bilder zusenden. Anschliessend kann dieses Bildmaterial von unseren Dermatologen analysiert werden. Diese neue Art der Kommunikation kann beispielsweise auch dazu genutzt werden, um eine <strong>Zweitmeinung</strong> einzuholen, sofern dies sinnvoll erscheint. Spezialfälle können gegebenenfalls auch im Rahmen einer <strong>Dermacenter Team Visite</strong> gemeinsam mit den Fachärzten besprochen werden.</p>
<p>Unsere Dermacenter Videosprechstunde wird zur Zeit der <strong>Corona Pandemie</strong>, in der man gerne auch vieles von zu Hause aus erledigt, natürlich besonders geschätzt.</p>
</div></div>
</div>
  <section class="section" id="section_143466856">
      <div class="bg section-bg fill bg-fill  bg-loaded" >

        
        
        
        
        
        
	<div class="is-border"
		style="border-color:rgb(235, 235, 235);border-width:1px 0px 0px 0px;">
	</div>

      </div><!-- .section-bg -->

      <div class="section-content relative">
        
<div class="row"  id="row-205280352">
<div class="col small-12 large-12"  ><div class="col-inner"  >
<h2 class="uppercase"><a id="termin"></a><span style="color: #777777;">JETZT TERMIN VEREINBAREN</span></h2>
<p><span style="color: #777777;">Unsere SpezialistInnen helfen Ihnen im persönlichen Gespräch gerne weiter. Geben Sie uns im Formular gerne Ihre Anliegen oder Bemerkungen an. Ihre Daten werden streng vertraulich behandelt.</span></p>
</div></div>
</div>
<div class="row"  id="row-2055460665">
<div class="col medium-6 small-12 large-6"  ><div class="col-inner"  >
<div role="form" class="wpcf7" id="wpcf7-f11901-o1" lang="de-DE" dir="ltr">
<div class="screen-reader-response"><p role="status" aria-live="polite" aria-atomic="true"></p> <ul></ul></div>
<form action="/index.php?rest_route=%2Fwp%2Fv2%2Fpages%2F12088#wpcf7-f11901-o1" method="post" class="wpcf7-form init" novalidate="novalidate" data-status="init">
<div style="display: none;">
<input type="hidden" name="_wpcf7" value="11901" />
<input type="hidden" name="_wpcf7_version" value="5.4" />
<input type="hidden" name="_wpcf7_locale" value="de_DE" />
<input type="hidden" name="_wpcf7_unit_tag" value="wpcf7-f11901-o1" />
<input type="hidden" name="_wpcf7_container_post" value="0" />
<input type="hidden" name="_wpcf7_posted_data_hash" value="" />
<input type="hidden" name="_wpcf7cf_hidden_group_fields" value="[]" />
<input type="hidden" name="_wpcf7cf_hidden_groups" value="[]" />
<input type="hidden" name="_wpcf7cf_visible_groups" value="[]" />
<input type="hidden" name="_wpcf7cf_repeaters" value="[]" />
<input type="hidden" name="_wpcf7cf_steps" value="{}" />
<input type="hidden" name="_wpcf7cf_options" value="{&quot;form_id&quot;:11901,&quot;conditions&quot;:[{&quot;then_field&quot;:&quot;Geburtsdatum&quot;,&quot;and_rules&quot;:[{&quot;if_field&quot;:&quot;menu-946&quot;,&quot;operator&quot;:&quot;equals&quot;,&quot;if_value&quot;:&quot;Ja&quot;}]}],&quot;settings&quot;:{&quot;animation&quot;:&quot;yes&quot;,&quot;animation_intime&quot;:200,&quot;animation_outtime&quot;:200,&quot;conditions_ui&quot;:&quot;normal&quot;,&quot;notice_dismissed&quot;:false,&quot;notice_dismissed_update-cf7-5.4.1&quot;:true,&quot;notice_dismissed_update-cf7-5.6.3&quot;:true,&quot;notice_dismissed_update-cf7-5.7.5.1&quot;:true}}" />
</div>
<p><label> Sind Sie bestehender Patient?<br />
<span class="wpcf7-form-control-wrap menu-946"><select name="menu-946" class="wpcf7-form-control wpcf7-select wpcf7-validates-as-required" aria-required="true" aria-invalid="false"><option value="Nein">Nein</option><option value="Ja">Ja</option></select></span><br />
</label><br />
<label> Ihr Name (*)<br />
    <span class="wpcf7-form-control-wrap your-name"><input type="text" name="your-name" value="" size="40" class="wpcf7-form-control wpcf7-text wpcf7-validates-as-required" aria-required="true" aria-invalid="false" /></span> </label></p>
<p><label> Ihre E-Mail-Adresse (*)<br />
    <span class="wpcf7-form-control-wrap your-email"><input type="email" name="your-email" value="" size="40" class="wpcf7-form-control wpcf7-text wpcf7-email wpcf7-validates-as-required wpcf7-validates-as-email" aria-required="true" aria-invalid="false" /></span> </label></p>
<div data-id="Geburtsdatum" data-orig_data_id="Geburtsdatum"  class="" data-class="wpcf7cf_group"><label>Ihr Geburtsdatum (bei bestehenden Patienten)<br />
<span class="wpcf7-form-control-wrap Geburtsdatum"><input type="date" name="Geburtsdatum" value="" class="wpcf7-form-control wpcf7-date wpcf7-validates-as-required wpcf7-validates-as-date" aria-required="true" aria-invalid="false" /></span></label></div>
<p><label> Betreff<br />
    <span class="wpcf7-form-control-wrap your-subject"><input type="text" name="your-subject" value="" size="40" class="wpcf7-form-control wpcf7-text" aria-invalid="false" /></span> </label></p>
<p><label> Ihre Nachricht<br />
    <span class="wpcf7-form-control-wrap your-message"><textarea name="your-message" cols="40" rows="10" class="wpcf7-form-control wpcf7-textarea" aria-invalid="false"></textarea></span> </label><br />
<span id="wpcf7-69f467845de0d-wrapper" class="wpcf7-form-control-wrap honey-wrap" style="display:none !important; visibility:hidden !important;"><label for="wpcf7-69f467845de0d-field" class="hp-message">Bitte lasse dieses Feld leer.</label><input id="wpcf7-69f467845de0d-field"  class="wpcf7-form-control wpcf7-text" type="text" name="honey" value="" size="40" tabindex="-1" autocomplete="new-password" /></span></p>
<p><input type="submit" value="Senden" class="wpcf7-form-control wpcf7-submit" /></p>
<p>* Pflichtfelder</p>
<div class="wpcf7-response-output" aria-hidden="true"></div></form></div>
</div></div>
<div class="col medium-6 small-12 large-6"  ><div class="col-inner"  >
</div></div>
</div>
      </div><!-- .section-content -->

      
<style scope="scope">

#section_143466856 {
  padding-top: 60px;
  padding-bottom: 60px;
  min-height: 300px;
  background-color: #FFD194;
}
</style>
  </section>

<!-- This site is optimized with the Yoast SEO plugin v15.5 - https://yoast.com/wordpress/plugins/seo/ -->
<title>Videosprechstunde - Dermacenter AG</title>
<meta name="robots" content="index, follow, max-snippet:-1, max-image-preview:large, max-video-preview:-1" />
<link rel="canonical" href="https://www.dermacenter.ch/?page_id=12088" />
<meta property="og:locale" content="de_DE" />
<meta property="og:type" content="article" />
<meta property="og:title" content="Videosprechstunde - Dermacenter AG" />
<meta property="og:url" content="https://www.dermacenter.ch/?page_id=12088" />
<meta property="og:site_name" content="Dermacenter AG" />
<meta property="article:modified_time" content="2021-06-21T20:31:13+00:00" />
<meta name="twitter:card" content="summary_large_image" />
<meta name="twitter:label1" content="Geschätzte Lesezeit">
	<meta name="twitter:data1" content="1 Minute">
<script type="application/ld+json" class="yoast-schema-graph">{"@context":"https://schema.org","@graph":[{"@type":"WebSite","@id":"https://www.dermacenter.ch/#website","url":"https://www.dermacenter.ch/","name":"Dermacenter AG","description":"","potentialAction":[{"@type":"SearchAction","target":"https://www.dermacenter.ch/?s={search_term_string}","query-input":"required name=search_term_string"}],"inLanguage":"de"},{"@type":"WebPage","@id":"https://www.dermacenter.ch/?page_id=12088#webpage","url":"https://www.dermacenter.ch/?page_id=12088","name":"Videosprechstunde - Dermacenter AG","isPartOf":{"@id":"https://www.dermacenter.ch/#website"},"datePublished":"2021-06-18T07:22:23+00:00","dateModified":"2021-06-21T20:31:13+00:00","inLanguage":"de","potentialAction":[{"@type":"ReadAction","target":["https://www.dermacenter.ch/?page_id=12088"]}]}]}</script>
<!-- / Yoast SEO plugin. -->
