{"id":12081,"date":"2021-06-18T09:11:37","date_gmt":"2021-06-18T07:11:37","guid":{"rendered":"https:\/\/www.dermacenter.ch\/?page_id=12081"},"modified":"2021-06-21T22:17:48","modified_gmt":"2021-06-21T20:17:48","slug":"hautkrebsvorsorge","status":"publish","type":"page","link":"https:\/\/www.dermacenter.ch\/?page_id=12081","title":{"rendered":"Hautkrebsvorsorge"},"content":{"rendered":"  <section class=\"section\" id=\"section_144686952\">\n      <div class=\"bg section-bg fill bg-fill  \" >\n\n        \n        \n        \n        \n        \n        \n\t<div class=\"is-border\"\n\t\tstyle=\"border-color:rgb(235, 235, 235);border-width:1px 0px 0px 0px;\">\n\t<\/div>\n\n      <\/div><!-- .section-bg -->\n\n      <div class=\"section-content relative\">\n        \n      <\/div><!-- .section-content -->\n\n      \n<style scope=\"scope\">\n\n#section_144686952 {\n  padding-top: 60px;\n  padding-bottom: 60px;\n  min-height: 379px;\n  background-color: rgb(245, 245, 245);\n}\n#section_144686952 .section-bg.bg-loaded {\n  background-image: url(https:\/\/www.dermacenter.ch\/wp-content\/uploads\/2021\/06\/DermaCenter_210507_2332-scaled.jpg);\n}\n#section_144686952 .section-bg {\n  background-position: 100% 19%;\n}\n<\/style>\n  <\/section>\n  \n<div class=\"row\"  id=\"row-933711616\">\n<div class=\"col small-12 large-12\"  ><div class=\"col-inner\"  >\n<h1><strong>HAUTKREBSVORSORGE<\/strong><\/h1>\n<p>Was kann ich tun? Was k\u00f6nnen wir f\u00fcr Sie tun? <strong>Hautkrebs<\/strong> ist der h\u00e4ufigste Krebs \u00fcberhaupt. Am gef\u00e4hrlichsten ist der schwarze Hautkrebs, das Melanom, weil es Ableger (Metastasen) bilden kann. Mit ca. 2800 neu Erkrankten pro Jahr in der Schweiz z\u00e4hlt das Melanom zur f\u00fcnfth\u00e4ufigsten Krebsart. Der schwarze Hautkrebs kann \u00fcberall am K\u00f6rper auftreten und betrifft auch nicht selten j\u00fcngere Menschen. \u00dcber \u00bc der Betroffenen sind unter 50 Jahre alt. Wesentlich \u00f6fter wird der weniger bedrohliche helle Hautkrebs diagnostiziert, n\u00e4mlich bei ca. 25 000 Menschen pro Jahr. Das Basalzellkarzinom und das Plattenepithelkarzinom tritt typischerweise an sonnenbelichteten Areale und meist im h\u00f6heren Alter auf, als Folge von langj\u00e4hriger UV-Exposition. Zunehmend sind auch j\u00fcngere Menschen betroffen.<\/p>\n<p>Wie kann ich mich selbst vor Hautkrebs sch\u00fctzen?<\/p>\n<ul>\n<li>Mittags von 11 und 15 Uhr den Schatten aufsuchen<\/li>\n<li>Schutz durch Kleidung, Hut und Sonnenbrille<\/li>\n<li>Sonnenschutzmittel mit hohem Lichtschutzfaktor f\u00fcr die unbedeckten K\u00f6rperareale<\/li>\n<li>Solarium meiden<\/li>\n<\/ul>\n<p>Was sind <strong>Risikofaktoren<\/strong>?<\/p>\n<ul>\n<li>\u00dcber 100 Pigmentmale<\/li>\n<li>Unregelm\u00e4ssige Pigmentmale, bez\u00fcglich Farbe und Form<\/li>\n<li>Fr\u00fchere Hautkrebserkrankungen<\/li>\n<li>Hautkrebs bei Familienmitgliedern<\/li>\n<li>Immunsuppression (Abwehrschw\u00e4che), z.B. durch Medikamente oder nach Organtransplantation<\/li>\n<\/ul>\n<p>Menschen, f\u00fcr welche diese Risikofaktoren zutreffen, sollten sich regelm\u00e4ssig beim Dermatologen vorstellen. Bei der Ganzk\u00f6rperuntersuchung verwenden wir ein sogenanntes <strong>Dermatoskop<\/strong> (Auflichtmikroskop), um die Hautver\u00e4nderungen genauer beurteilen zu k\u00f6nnen. Hierbei wird das gesamte Hautorgan untersucht. Bei Patienten mit sehr vielen Pigmentmalen ist eine Ganzk\u00f6rper-Dokumentation mit unserem Fotosystem <strong>DermoScan X2<\/strong> sinnvoll. Hierbei werden die Pigmentmale im Verlauf verglichen und mithilfe einer speziellen Software (Computer-gest\u00fctzte Bildanalyse) hinsichtlich Ver\u00e4nderungen analysiert. So k\u00f6nnen auff\u00e4llige Pigmentmale fr\u00fchzeitig erkannt werden.<\/p>\n<p>\u00a0<\/p>\n<\/div><\/div>\n<\/div>\n  <section class=\"section\" id=\"section_1906156270\">\n      <div class=\"bg section-bg fill bg-fill  bg-loaded\" >\n\n        \n        \n        \n        \n        \n        \n\t<div class=\"is-border\"\n\t\tstyle=\"border-color:rgb(235, 235, 235);border-width:1px 0px 0px 0px;\">\n\t<\/div>\n\n      <\/div><!-- .section-bg -->\n\n      <div class=\"section-content relative\">\n        \n<div class=\"row\"  id=\"row-971153607\">\n<div class=\"col small-12 large-12\"  ><div class=\"col-inner\"  >\n<h2 class=\"uppercase\"><a id=\"termin\"><\/a><span style=\"color: #777777;\">JETZT TERMIN VEREINBAREN<\/span><\/h2>\n<p><span style=\"color: #777777;\">Unsere SpezialistInnen helfen Ihnen im pers\u00f6nlichen Gespr\u00e4ch gerne weiter. Geben Sie uns im Formular gerne Ihre Anliegen oder Bemerkungen an. Ihre Daten werden streng vertraulich behandelt.<\/span><\/p>\n<\/div><\/div>\n<\/div>\n<div class=\"row\"  id=\"row-280322781\">\n<div class=\"col medium-6 small-12 large-6\"  ><div class=\"col-inner\"  >\n<div role=\"form\" class=\"wpcf7\" id=\"wpcf7-f11901-o1\" lang=\"de-DE\" dir=\"ltr\">\n<div class=\"screen-reader-response\"><p role=\"status\" aria-live=\"polite\" aria-atomic=\"true\"><\/p> <ul><\/ul><\/div>\n<form action=\"\/index.php?rest_route=%2Fwp%2Fv2%2Fpages%2F12081#wpcf7-f11901-o1\" method=\"post\" class=\"wpcf7-form init\" novalidate=\"novalidate\" data-status=\"init\">\n<div style=\"display: none;\">\n<input type=\"hidden\" name=\"_wpcf7\" value=\"11901\" \/>\n<input type=\"hidden\" name=\"_wpcf7_version\" value=\"5.4\" \/>\n<input type=\"hidden\" name=\"_wpcf7_locale\" value=\"de_DE\" \/>\n<input type=\"hidden\" name=\"_wpcf7_unit_tag\" value=\"wpcf7-f11901-o1\" \/>\n<input type=\"hidden\" name=\"_wpcf7_container_post\" value=\"0\" \/>\n<input type=\"hidden\" name=\"_wpcf7_posted_data_hash\" value=\"\" \/>\n<input type=\"hidden\" name=\"_wpcf7cf_hidden_group_fields\" value=\"[]\" \/>\n<input type=\"hidden\" name=\"_wpcf7cf_hidden_groups\" value=\"[]\" \/>\n<input type=\"hidden\" name=\"_wpcf7cf_visible_groups\" value=\"[]\" \/>\n<input type=\"hidden\" name=\"_wpcf7cf_repeaters\" value=\"[]\" \/>\n<input type=\"hidden\" name=\"_wpcf7cf_steps\" value=\"{}\" \/>\n<input type=\"hidden\" name=\"_wpcf7cf_options\" value=\"{&quot;form_id&quot;:11901,&quot;conditions&quot;:[{&quot;then_field&quot;:&quot;Geburtsdatum&quot;,&quot;and_rules&quot;:[{&quot;if_field&quot;:&quot;menu-946&quot;,&quot;operator&quot;:&quot;equals&quot;,&quot;if_value&quot;:&quot;Ja&quot;}]}],&quot;settings&quot;:{&quot;animation&quot;:&quot;yes&quot;,&quot;animation_intime&quot;:200,&quot;animation_outtime&quot;:200,&quot;conditions_ui&quot;:&quot;normal&quot;,&quot;notice_dismissed&quot;:false,&quot;notice_dismissed_update-cf7-5.4.1&quot;:true,&quot;notice_dismissed_update-cf7-5.6.3&quot;:true,&quot;notice_dismissed_update-cf7-5.7.5.1&quot;:true}}\" \/>\n<\/div>\n<p><label> Sind Sie bestehender Patient?<br \/>\n<span class=\"wpcf7-form-control-wrap menu-946\"><select name=\"menu-946\" class=\"wpcf7-form-control wpcf7-select wpcf7-validates-as-required\" aria-required=\"true\" aria-invalid=\"false\"><option value=\"Nein\">Nein<\/option><option value=\"Ja\">Ja<\/option><\/select><\/span><br \/>\n<\/label><br \/>\n<label> Ihr Name (*)<br \/>\n    <span class=\"wpcf7-form-control-wrap your-name\"><input type=\"text\" name=\"your-name\" value=\"\" size=\"40\" class=\"wpcf7-form-control wpcf7-text wpcf7-validates-as-required\" aria-required=\"true\" aria-invalid=\"false\" \/><\/span> <\/label><\/p>\n<p><label> Ihre E-Mail-Adresse (*)<br \/>\n    <span class=\"wpcf7-form-control-wrap your-email\"><input type=\"email\" name=\"your-email\" value=\"\" size=\"40\" class=\"wpcf7-form-control wpcf7-text wpcf7-email wpcf7-validates-as-required wpcf7-validates-as-email\" aria-required=\"true\" aria-invalid=\"false\" \/><\/span> <\/label><\/p>\n<div data-id=\"Geburtsdatum\" data-orig_data_id=\"Geburtsdatum\"  class=\"\" data-class=\"wpcf7cf_group\"><label>Ihr Geburtsdatum (bei bestehenden Patienten)<br \/>\n<span class=\"wpcf7-form-control-wrap Geburtsdatum\"><input type=\"date\" name=\"Geburtsdatum\" value=\"\" class=\"wpcf7-form-control wpcf7-date wpcf7-validates-as-required wpcf7-validates-as-date\" aria-required=\"true\" aria-invalid=\"false\" \/><\/span><\/label><\/div>\n<p><label> Betreff<br \/>\n    <span class=\"wpcf7-form-control-wrap your-subject\"><input type=\"text\" name=\"your-subject\" value=\"\" size=\"40\" class=\"wpcf7-form-control wpcf7-text\" aria-invalid=\"false\" \/><\/span> <\/label><\/p>\n<p><label> Ihre Nachricht<br \/>\n    <span class=\"wpcf7-form-control-wrap your-message\"><textarea name=\"your-message\" cols=\"40\" rows=\"10\" class=\"wpcf7-form-control wpcf7-textarea\" aria-invalid=\"false\"><\/textarea><\/span> <\/label><br \/>\n<span id=\"wpcf7-69f465368de03-wrapper\" class=\"wpcf7-form-control-wrap honey-wrap\" style=\"display:none !important; visibility:hidden !important;\"><label for=\"wpcf7-69f465368de03-field\" class=\"hp-message\">Bitte lasse dieses Feld leer.<\/label><input id=\"wpcf7-69f465368de03-field\"  class=\"wpcf7-form-control wpcf7-text\" type=\"text\" name=\"honey\" value=\"\" size=\"40\" tabindex=\"-1\" autocomplete=\"new-password\" \/><\/span><\/p>\n<p><input type=\"submit\" value=\"Senden\" class=\"wpcf7-form-control wpcf7-submit\" \/><\/p>\n<p>* Pflichtfelder<\/p>\n<div class=\"wpcf7-response-output\" aria-hidden=\"true\"><\/div><\/form><\/div>\n<\/div><\/div>\n<div class=\"col medium-6 small-12 large-6\"  ><div class=\"col-inner\"  >\n<\/div><\/div>\n<\/div>\n      <\/div><!-- .section-content -->\n\n      \n<style scope=\"scope\">\n\n#section_1906156270 {\n  padding-top: 60px;\n  padding-bottom: 60px;\n  min-height: 300px;\n  background-color: #FFD194;\n}\n<\/style>\n  <\/section>\n  \n","protected":false},"excerpt":{"rendered":"","protected":false},"author":1,"featured_media":0,"parent":8169,"menu_order":0,"comment_status":"closed","ping_status":"closed","template":"page-blank.php","meta":[],"yoast_head":"<!-- This site is optimized with the Yoast SEO plugin v15.5 - https:\/\/yoast.com\/wordpress\/plugins\/seo\/ -->\n<title>Hautkrebsvorsorge - Dermacenter AG<\/title>\n<meta name=\"robots\" content=\"index, follow, max-snippet:-1, max-image-preview:large, max-video-preview:-1\" \/>\n<link rel=\"canonical\" href=\"https:\/\/www.dermacenter.ch\/?page_id=12081\" \/>\n<meta property=\"og:locale\" content=\"de_DE\" \/>\n<meta property=\"og:type\" content=\"article\" \/>\n<meta property=\"og:title\" content=\"Hautkrebsvorsorge - Dermacenter AG\" \/>\n<meta property=\"og:url\" content=\"https:\/\/www.dermacenter.ch\/?page_id=12081\" \/>\n<meta property=\"og:site_name\" content=\"Dermacenter AG\" \/>\n<meta property=\"article:modified_time\" content=\"2021-06-21T20:17:48+00:00\" \/>\n<meta name=\"twitter:card\" content=\"summary_large_image\" \/>\n<meta name=\"twitter:label1\" content=\"Gesch\u00e4tzte Lesezeit\">\n\t<meta name=\"twitter:data1\" content=\"1\u00a0Minute\">\n<script type=\"application\/ld+json\" class=\"yoast-schema-graph\">{\"@context\":\"https:\/\/schema.org\",\"@graph\":[{\"@type\":\"WebSite\",\"@id\":\"https:\/\/www.dermacenter.ch\/#website\",\"url\":\"https:\/\/www.dermacenter.ch\/\",\"name\":\"Dermacenter AG\",\"description\":\"\",\"potentialAction\":[{\"@type\":\"SearchAction\",\"target\":\"https:\/\/www.dermacenter.ch\/?s={search_term_string}\",\"query-input\":\"required name=search_term_string\"}],\"inLanguage\":\"de\"},{\"@type\":\"WebPage\",\"@id\":\"https:\/\/www.dermacenter.ch\/?page_id=12081#webpage\",\"url\":\"https:\/\/www.dermacenter.ch\/?page_id=12081\",\"name\":\"Hautkrebsvorsorge - Dermacenter AG\",\"isPartOf\":{\"@id\":\"https:\/\/www.dermacenter.ch\/#website\"},\"datePublished\":\"2021-06-18T07:11:37+00:00\",\"dateModified\":\"2021-06-21T20:17:48+00:00\",\"inLanguage\":\"de\",\"potentialAction\":[{\"@type\":\"ReadAction\",\"target\":[\"https:\/\/www.dermacenter.ch\/?page_id=12081\"]}]}]}<\/script>\n<!-- \/ Yoast SEO plugin. -->","_links":{"self":[{"href":"https:\/\/www.dermacenter.ch\/index.php?rest_route=\/wp\/v2\/pages\/12081"}],"collection":[{"href":"https:\/\/www.dermacenter.ch\/index.php?rest_route=\/wp\/v2\/pages"}],"about":[{"href":"https:\/\/www.dermacenter.ch\/index.php?rest_route=\/wp\/v2\/types\/page"}],"author":[{"embeddable":true,"href":"https:\/\/www.dermacenter.ch\/index.php?rest_route=\/wp\/v2\/users\/1"}],"replies":[{"embeddable":true,"href":"https:\/\/www.dermacenter.ch\/index.php?rest_route=%2Fwp%2Fv2%2Fcomments&post=12081"}],"version-history":[{"count":4,"href":"https:\/\/www.dermacenter.ch\/index.php?rest_route=\/wp\/v2\/pages\/12081\/revisions"}],"predecessor-version":[{"id":12184,"href":"https:\/\/www.dermacenter.ch\/index.php?rest_route=\/wp\/v2\/pages\/12081\/revisions\/12184"}],"up":[{"embeddable":true,"href":"https:\/\/www.dermacenter.ch\/index.php?rest_route=\/wp\/v2\/pages\/8169"}],"wp:attachment":[{"href":"https:\/\/www.dermacenter.ch\/index.php?rest_route=%2Fwp%2Fv2%2Fmedia&parent=12081"}],"curies":[{"name":"wp","href":"https:\/\/api.w.org\/{rel}","templated":true}]}}

<section class="section" id="section_144686952">
      <div class="bg section-bg fill bg-fill  " >

        
        
        
        
        
        
	<div class="is-border"
		style="border-color:rgb(235, 235, 235);border-width:1px 0px 0px 0px;">
	</div>

      </div><!-- .section-bg -->

      <div class="section-content relative">
        
      </div><!-- .section-content -->

      
<style scope="scope">

#section_144686952 {
  padding-top: 60px;
  padding-bottom: 60px;
  min-height: 379px;
  background-color: rgb(245, 245, 245);
}
#section_144686952 .section-bg.bg-loaded {
  background-image: url(https://www.dermacenter.ch/wp-content/uploads/2021/06/DermaCenter_210507_2332-scaled.jpg);
}
#section_144686952 .section-bg {
  background-position: 100% 19%;
}
</style>
  </section>
  
<div class="row"  id="row-933711616">
<div class="col small-12 large-12"  ><div class="col-inner"  >
<h1><strong>HAUTKREBSVORSORGE</strong></h1>
<p>Was kann ich tun? Was können wir für Sie tun? <strong>Hautkrebs</strong> ist der häufigste Krebs überhaupt. Am gefährlichsten ist der schwarze Hautkrebs, das Melanom, weil es Ableger (Metastasen) bilden kann. Mit ca. 2800 neu Erkrankten pro Jahr in der Schweiz zählt das Melanom zur fünfthäufigsten Krebsart. Der schwarze Hautkrebs kann überall am Körper auftreten und betrifft auch nicht selten jüngere Menschen. Über ¼ der Betroffenen sind unter 50 Jahre alt. Wesentlich öfter wird der weniger bedrohliche helle Hautkrebs diagnostiziert, nämlich bei ca. 25 000 Menschen pro Jahr. Das Basalzellkarzinom und das Plattenepithelkarzinom tritt typischerweise an sonnenbelichteten Areale und meist im höheren Alter auf, als Folge von langjähriger UV-Exposition. Zunehmend sind auch jüngere Menschen betroffen.</p>
<p>Wie kann ich mich selbst vor Hautkrebs schützen?</p>
<ul>
<li>Mittags von 11 und 15 Uhr den Schatten aufsuchen</li>
<li>Schutz durch Kleidung, Hut und Sonnenbrille</li>
<li>Sonnenschutzmittel mit hohem Lichtschutzfaktor für die unbedeckten Körperareale</li>
<li>Solarium meiden</li>
</ul>
<p>Was sind <strong>Risikofaktoren</strong>?</p>
<ul>
<li>Über 100 Pigmentmale</li>
<li>Unregelmässige Pigmentmale, bezüglich Farbe und Form</li>
<li>Frühere Hautkrebserkrankungen</li>
<li>Hautkrebs bei Familienmitgliedern</li>
<li>Immunsuppression (Abwehrschwäche), z.B. durch Medikamente oder nach Organtransplantation</li>
</ul>
<p>Menschen, für welche diese Risikofaktoren zutreffen, sollten sich regelmässig beim Dermatologen vorstellen. Bei der Ganzkörperuntersuchung verwenden wir ein sogenanntes <strong>Dermatoskop</strong> (Auflichtmikroskop), um die Hautveränderungen genauer beurteilen zu können. Hierbei wird das gesamte Hautorgan untersucht. Bei Patienten mit sehr vielen Pigmentmalen ist eine Ganzkörper-Dokumentation mit unserem Fotosystem <strong>DermoScan X2</strong> sinnvoll. Hierbei werden die Pigmentmale im Verlauf verglichen und mithilfe einer speziellen Software (Computer-gestützte Bildanalyse) hinsichtlich Veränderungen analysiert. So können auffällige Pigmentmale frühzeitig erkannt werden.</p>
<p> </p>
</div></div>
</div>
  <section class="section" id="section_1906156270">
      <div class="bg section-bg fill bg-fill  bg-loaded" >

        
        
        
        
        
        
	<div class="is-border"
		style="border-color:rgb(235, 235, 235);border-width:1px 0px 0px 0px;">
	</div>

      </div><!-- .section-bg -->

      <div class="section-content relative">
        
<div class="row"  id="row-971153607">
<div class="col small-12 large-12"  ><div class="col-inner"  >
<h2 class="uppercase"><a id="termin"></a><span style="color: #777777;">JETZT TERMIN VEREINBAREN</span></h2>
<p><span style="color: #777777;">Unsere SpezialistInnen helfen Ihnen im persönlichen Gespräch gerne weiter. Geben Sie uns im Formular gerne Ihre Anliegen oder Bemerkungen an. Ihre Daten werden streng vertraulich behandelt.</span></p>
</div></div>
</div>
<div class="row"  id="row-280322781">
<div class="col medium-6 small-12 large-6"  ><div class="col-inner"  >
<div role="form" class="wpcf7" id="wpcf7-f11901-o1" lang="de-DE" dir="ltr">
<div class="screen-reader-response"><p role="status" aria-live="polite" aria-atomic="true"></p> <ul></ul></div>
<form action="/index.php?rest_route=%2Fwp%2Fv2%2Fpages%2F12081#wpcf7-f11901-o1" method="post" class="wpcf7-form init" novalidate="novalidate" data-status="init">
<div style="display: none;">
<input type="hidden" name="_wpcf7" value="11901" />
<input type="hidden" name="_wpcf7_version" value="5.4" />
<input type="hidden" name="_wpcf7_locale" value="de_DE" />
<input type="hidden" name="_wpcf7_unit_tag" value="wpcf7-f11901-o1" />
<input type="hidden" name="_wpcf7_container_post" value="0" />
<input type="hidden" name="_wpcf7_posted_data_hash" value="" />
<input type="hidden" name="_wpcf7cf_hidden_group_fields" value="[]" />
<input type="hidden" name="_wpcf7cf_hidden_groups" value="[]" />
<input type="hidden" name="_wpcf7cf_visible_groups" value="[]" />
<input type="hidden" name="_wpcf7cf_repeaters" value="[]" />
<input type="hidden" name="_wpcf7cf_steps" value="{}" />
<input type="hidden" name="_wpcf7cf_options" value="{&quot;form_id&quot;:11901,&quot;conditions&quot;:[{&quot;then_field&quot;:&quot;Geburtsdatum&quot;,&quot;and_rules&quot;:[{&quot;if_field&quot;:&quot;menu-946&quot;,&quot;operator&quot;:&quot;equals&quot;,&quot;if_value&quot;:&quot;Ja&quot;}]}],&quot;settings&quot;:{&quot;animation&quot;:&quot;yes&quot;,&quot;animation_intime&quot;:200,&quot;animation_outtime&quot;:200,&quot;conditions_ui&quot;:&quot;normal&quot;,&quot;notice_dismissed&quot;:false,&quot;notice_dismissed_update-cf7-5.4.1&quot;:true,&quot;notice_dismissed_update-cf7-5.6.3&quot;:true,&quot;notice_dismissed_update-cf7-5.7.5.1&quot;:true}}" />
</div>
<p><label> Sind Sie bestehender Patient?<br />
<span class="wpcf7-form-control-wrap menu-946"><select name="menu-946" class="wpcf7-form-control wpcf7-select wpcf7-validates-as-required" aria-required="true" aria-invalid="false"><option value="Nein">Nein</option><option value="Ja">Ja</option></select></span><br />
</label><br />
<label> Ihr Name (*)<br />
    <span class="wpcf7-form-control-wrap your-name"><input type="text" name="your-name" value="" size="40" class="wpcf7-form-control wpcf7-text wpcf7-validates-as-required" aria-required="true" aria-invalid="false" /></span> </label></p>
<p><label> Ihre E-Mail-Adresse (*)<br />
    <span class="wpcf7-form-control-wrap your-email"><input type="email" name="your-email" value="" size="40" class="wpcf7-form-control wpcf7-text wpcf7-email wpcf7-validates-as-required wpcf7-validates-as-email" aria-required="true" aria-invalid="false" /></span> </label></p>
<div data-id="Geburtsdatum" data-orig_data_id="Geburtsdatum"  class="" data-class="wpcf7cf_group"><label>Ihr Geburtsdatum (bei bestehenden Patienten)<br />
<span class="wpcf7-form-control-wrap Geburtsdatum"><input type="date" name="Geburtsdatum" value="" class="wpcf7-form-control wpcf7-date wpcf7-validates-as-required wpcf7-validates-as-date" aria-required="true" aria-invalid="false" /></span></label></div>
<p><label> Betreff<br />
    <span class="wpcf7-form-control-wrap your-subject"><input type="text" name="your-subject" value="" size="40" class="wpcf7-form-control wpcf7-text" aria-invalid="false" /></span> </label></p>
<p><label> Ihre Nachricht<br />
    <span class="wpcf7-form-control-wrap your-message"><textarea name="your-message" cols="40" rows="10" class="wpcf7-form-control wpcf7-textarea" aria-invalid="false"></textarea></span> </label><br />
<span id="wpcf7-69f465368de03-wrapper" class="wpcf7-form-control-wrap honey-wrap" style="display:none !important; visibility:hidden !important;"><label for="wpcf7-69f465368de03-field" class="hp-message">Bitte lasse dieses Feld leer.</label><input id="wpcf7-69f465368de03-field"  class="wpcf7-form-control wpcf7-text" type="text" name="honey" value="" size="40" tabindex="-1" autocomplete="new-password" /></span></p>
<p><input type="submit" value="Senden" class="wpcf7-form-control wpcf7-submit" /></p>
<p>* Pflichtfelder</p>
<div class="wpcf7-response-output" aria-hidden="true"></div></form></div>
</div></div>
<div class="col medium-6 small-12 large-6"  ><div class="col-inner"  >
</div></div>
</div>
      </div><!-- .section-content -->

      
<style scope="scope">

#section_1906156270 {
  padding-top: 60px;
  padding-bottom: 60px;
  min-height: 300px;
  background-color: #FFD194;
}
</style>
  </section>

<!-- This site is optimized with the Yoast SEO plugin v15.5 - https://yoast.com/wordpress/plugins/seo/ -->
<title>Hautkrebsvorsorge - Dermacenter AG</title>
<meta name="robots" content="index, follow, max-snippet:-1, max-image-preview:large, max-video-preview:-1" />
<link rel="canonical" href="https://www.dermacenter.ch/?page_id=12081" />
<meta property="og:locale" content="de_DE" />
<meta property="og:type" content="article" />
<meta property="og:title" content="Hautkrebsvorsorge - Dermacenter AG" />
<meta property="og:url" content="https://www.dermacenter.ch/?page_id=12081" />
<meta property="og:site_name" content="Dermacenter AG" />
<meta property="article:modified_time" content="2021-06-21T20:17:48+00:00" />
<meta name="twitter:card" content="summary_large_image" />
<meta name="twitter:label1" content="Geschätzte Lesezeit">
	<meta name="twitter:data1" content="1 Minute">
<script type="application/ld+json" class="yoast-schema-graph">{"@context":"https://schema.org","@graph":[{"@type":"WebSite","@id":"https://www.dermacenter.ch/#website","url":"https://www.dermacenter.ch/","name":"Dermacenter AG","description":"","potentialAction":[{"@type":"SearchAction","target":"https://www.dermacenter.ch/?s={search_term_string}","query-input":"required name=search_term_string"}],"inLanguage":"de"},{"@type":"WebPage","@id":"https://www.dermacenter.ch/?page_id=12081#webpage","url":"https://www.dermacenter.ch/?page_id=12081","name":"Hautkrebsvorsorge - Dermacenter AG","isPartOf":{"@id":"https://www.dermacenter.ch/#website"},"datePublished":"2021-06-18T07:11:37+00:00","dateModified":"2021-06-21T20:17:48+00:00","inLanguage":"de","potentialAction":[{"@type":"ReadAction","target":["https://www.dermacenter.ch/?page_id=12081"]}]}]}</script>
<!-- / Yoast SEO plugin. -->
